{"id":355,"date":"2026-04-16T22:10:42","date_gmt":"2026-04-16T20:10:42","guid":{"rendered":"https:\/\/digilago.es\/tazamania\/?post_type=product&#038;p=355"},"modified":"2026-04-16T22:10:42","modified_gmt":"2026-04-16T20:10:42","slug":"taza-kawaii-pompompurin-de-ceramica","status":"publish","type":"product","link":"https:\/\/digilago.es\/tazamania\/producto\/taza-kawaii-pompompurin-de-ceramica\/","title":{"rendered":"Taza Kawaii Pompompurin de Cer\u00e1mica"},"content":{"rendered":"<p data-start=\"2772\" data-end=\"2989\">Disfruta de tus bebidas con la ternura de Pompompurin, uno de los personajes m\u00e1s queridos del mundo kawaii. Esta taza combina dise\u00f1o adorable con funcionalidad, convirti\u00e9ndose en una opci\u00f3n perfecta para el d\u00eda a d\u00eda.<\/p>\n<p data-start=\"2991\" data-end=\"3215\">Fabricada en cer\u00e1mica de alta calidad, garantiza resistencia y durabilidad, adem\u00e1s de mantener la temperatura de tus bebidas por m\u00e1s tiempo. Su dise\u00f1o c\u00e1lido y amigable aporta un toque alegre y relajante a cualquier espacio.<\/p>\n<p data-start=\"3217\" data-end=\"3347\">Ideal para caf\u00e9, t\u00e9 o chocolate, esta taza tambi\u00e9n es un regalo perfecto para fans de Sanrio o coleccionistas de productos kawaii.<\/p>\n<p data-start=\"3349\" data-end=\"3405\">Una forma sencilla de a\u00f1adir alegr\u00eda a tu rutina diaria.<\/p>\n","protected":false},"excerpt":{"rendered":"<p>Taza kawaii de Pompompurin en cer\u00e1mica. Ideal para uso diario o regalo.<\/p>\n","protected":false},"featured_media":356,"comment_status":"open","ping_status":"closed","template":"","meta":[],"product_brand":[],"product_cat":[39],"product_tag":[36,44,43,42,41],"class_list":{"0":"post-355","1":"product","2":"type-product","3":"status-publish","4":"has-post-thumbnail","6":"product_cat-coleccion-sanrio","7":"product_tag-ceramica","8":"product_tag-pompompurin","9":"product_tag-regalos-cute","10":"product_tag-sanrio","11":"product_tag-taza-kawaii","13":"first","14":"instock","15":"taxable","16":"shipping-taxable","17":"purchasable","18":"product-type-simple"},"yoast_head":"<!-- This site is optimized with the Yoast SEO plugin v26.8 - https:\/\/yoast.com\/product\/yoast-seo-wordpress\/ -->\n<title>Taza Kawaii Pompompurin de Cer\u00e1mica -<\/title>\n<meta name=\"description\" content=\"Compra taza kawaii de Pompompurin en cer\u00e1mica. Perfecta para fans de Sanrio y regalos originales.\" \/>\n<meta name=\"robots\" content=\"index, follow, max-snippet:-1, max-image-preview:large, max-video-preview:-1\" \/>\n<link rel=\"canonical\" href=\"https:\/\/digilago.es\/tazamania\/producto\/taza-kawaii-pompompurin-de-ceramica\/\" \/>\n<meta property=\"og:locale\" content=\"es_ES\" \/>\n<meta property=\"og:type\" content=\"article\" \/>\n<meta property=\"og:title\" content=\"Taza Kawaii Pompompurin de Cer\u00e1mica -\" \/>\n<meta property=\"og:description\" content=\"Compra taza kawaii de Pompompurin en cer\u00e1mica. Perfecta para fans de Sanrio y regalos originales.\" \/>\n<meta property=\"og:url\" content=\"https:\/\/digilago.es\/tazamania\/producto\/taza-kawaii-pompompurin-de-ceramica\/\" \/>\n<meta property=\"og:image\" content=\"https:\/\/digilago.es\/tazamania\/wp-content\/uploads\/sites\/46\/2026\/04\/pumpum.jpg\" \/>\n\t<meta property=\"og:image:width\" content=\"736\" \/>\n\t<meta property=\"og:image:height\" content=\"920\" \/>\n\t<meta property=\"og:image:type\" content=\"image\/jpeg\" \/>\n<meta name=\"twitter:card\" content=\"summary_large_image\" \/>\n<meta name=\"twitter:label1\" content=\"Tiempo de lectura\" \/>\n\t<meta name=\"twitter:data1\" content=\"1 minuto\" \/>\n<script type=\"application\/ld+json\" class=\"yoast-schema-graph\">{\"@context\":\"https:\/\/schema.org\",\"@graph\":[{\"@type\":\"WebPage\",\"@id\":\"https:\/\/digilago.es\/tazamania\/producto\/taza-kawaii-pompompurin-de-ceramica\/\",\"url\":\"https:\/\/digilago.es\/tazamania\/producto\/taza-kawaii-pompompurin-de-ceramica\/\",\"name\":\"Taza Kawaii Pompompurin de Cer\u00e1mica -\",\"isPartOf\":{\"@id\":\"https:\/\/digilago.es\/tazamania\/#website\"},\"primaryImageOfPage\":{\"@id\":\"https:\/\/digilago.es\/tazamania\/producto\/taza-kawaii-pompompurin-de-ceramica\/#primaryimage\"},\"image\":{\"@id\":\"https:\/\/digilago.es\/tazamania\/producto\/taza-kawaii-pompompurin-de-ceramica\/#primaryimage\"},\"thumbnailUrl\":\"https:\/\/digilago.es\/tazamania\/wp-content\/uploads\/sites\/46\/2026\/04\/pumpum.jpg\",\"datePublished\":\"2026-04-16T20:10:42+00:00\",\"description\":\"Compra taza kawaii de Pompompurin en cer\u00e1mica. Perfecta para fans de Sanrio y regalos originales.\",\"breadcrumb\":{\"@id\":\"https:\/\/digilago.es\/tazamania\/producto\/taza-kawaii-pompompurin-de-ceramica\/#breadcrumb\"},\"inLanguage\":\"es\",\"potentialAction\":[{\"@type\":\"ReadAction\",\"target\":[\"https:\/\/digilago.es\/tazamania\/producto\/taza-kawaii-pompompurin-de-ceramica\/\"]}]},{\"@type\":\"ImageObject\",\"inLanguage\":\"es\",\"@id\":\"https:\/\/digilago.es\/tazamania\/producto\/taza-kawaii-pompompurin-de-ceramica\/#primaryimage\",\"url\":\"https:\/\/digilago.es\/tazamania\/wp-content\/uploads\/sites\/46\/2026\/04\/pumpum.jpg\",\"contentUrl\":\"https:\/\/digilago.es\/tazamania\/wp-content\/uploads\/sites\/46\/2026\/04\/pumpum.jpg\",\"width\":736,\"height\":920},{\"@type\":\"BreadcrumbList\",\"@id\":\"https:\/\/digilago.es\/tazamania\/producto\/taza-kawaii-pompompurin-de-ceramica\/#breadcrumb\",\"itemListElement\":[{\"@type\":\"ListItem\",\"position\":1,\"name\":\"Portada\",\"item\":\"https:\/\/digilago.es\/tazamania\/\"},{\"@type\":\"ListItem\",\"position\":2,\"name\":\"Explora nuestra tienda\",\"item\":\"https:\/\/digilago.es\/tazamania\/tienda\/\"},{\"@type\":\"ListItem\",\"position\":3,\"name\":\"Taza Kawaii Pompompurin de Cer\u00e1mica\"}]},{\"@type\":\"WebSite\",\"@id\":\"https:\/\/digilago.es\/tazamania\/#website\",\"url\":\"https:\/\/digilago.es\/tazamania\/\",\"name\":\"\",\"description\":\"\",\"potentialAction\":[{\"@type\":\"SearchAction\",\"target\":{\"@type\":\"EntryPoint\",\"urlTemplate\":\"https:\/\/digilago.es\/tazamania\/?s={search_term_string}\"},\"query-input\":{\"@type\":\"PropertyValueSpecification\",\"valueRequired\":true,\"valueName\":\"search_term_string\"}}],\"inLanguage\":\"es\"}]}<\/script>\n<!-- \/ Yoast SEO plugin. -->","yoast_head_json":{"title":"Taza Kawaii Pompompurin de Cer\u00e1mica -","description":"Compra taza kawaii de Pompompurin en cer\u00e1mica. Perfecta para fans de Sanrio y regalos originales.","robots":{"index":"index","follow":"follow","max-snippet":"max-snippet:-1","max-image-preview":"max-image-preview:large","max-video-preview":"max-video-preview:-1"},"canonical":"https:\/\/digilago.es\/tazamania\/producto\/taza-kawaii-pompompurin-de-ceramica\/","og_locale":"es_ES","og_type":"article","og_title":"Taza Kawaii Pompompurin de Cer\u00e1mica -","og_description":"Compra taza kawaii de Pompompurin en cer\u00e1mica. Perfecta para fans de Sanrio y regalos originales.","og_url":"https:\/\/digilago.es\/tazamania\/producto\/taza-kawaii-pompompurin-de-ceramica\/","og_image":[{"width":736,"height":920,"url":"https:\/\/digilago.es\/tazamania\/wp-content\/uploads\/sites\/46\/2026\/04\/pumpum.jpg","type":"image\/jpeg"}],"twitter_card":"summary_large_image","twitter_misc":{"Tiempo de lectura":"1 minuto"},"schema":{"@context":"https:\/\/schema.org","@graph":[{"@type":"WebPage","@id":"https:\/\/digilago.es\/tazamania\/producto\/taza-kawaii-pompompurin-de-ceramica\/","url":"https:\/\/digilago.es\/tazamania\/producto\/taza-kawaii-pompompurin-de-ceramica\/","name":"Taza Kawaii Pompompurin de Cer\u00e1mica -","isPartOf":{"@id":"https:\/\/digilago.es\/tazamania\/#website"},"primaryImageOfPage":{"@id":"https:\/\/digilago.es\/tazamania\/producto\/taza-kawaii-pompompurin-de-ceramica\/#primaryimage"},"image":{"@id":"https:\/\/digilago.es\/tazamania\/producto\/taza-kawaii-pompompurin-de-ceramica\/#primaryimage"},"thumbnailUrl":"https:\/\/digilago.es\/tazamania\/wp-content\/uploads\/sites\/46\/2026\/04\/pumpum.jpg","datePublished":"2026-04-16T20:10:42+00:00","description":"Compra taza kawaii de Pompompurin en cer\u00e1mica. Perfecta para fans de Sanrio y regalos originales.","breadcrumb":{"@id":"https:\/\/digilago.es\/tazamania\/producto\/taza-kawaii-pompompurin-de-ceramica\/#breadcrumb"},"inLanguage":"es","potentialAction":[{"@type":"ReadAction","target":["https:\/\/digilago.es\/tazamania\/producto\/taza-kawaii-pompompurin-de-ceramica\/"]}]},{"@type":"ImageObject","inLanguage":"es","@id":"https:\/\/digilago.es\/tazamania\/producto\/taza-kawaii-pompompurin-de-ceramica\/#primaryimage","url":"https:\/\/digilago.es\/tazamania\/wp-content\/uploads\/sites\/46\/2026\/04\/pumpum.jpg","contentUrl":"https:\/\/digilago.es\/tazamania\/wp-content\/uploads\/sites\/46\/2026\/04\/pumpum.jpg","width":736,"height":920},{"@type":"BreadcrumbList","@id":"https:\/\/digilago.es\/tazamania\/producto\/taza-kawaii-pompompurin-de-ceramica\/#breadcrumb","itemListElement":[{"@type":"ListItem","position":1,"name":"Portada","item":"https:\/\/digilago.es\/tazamania\/"},{"@type":"ListItem","position":2,"name":"Explora nuestra tienda","item":"https:\/\/digilago.es\/tazamania\/tienda\/"},{"@type":"ListItem","position":3,"name":"Taza Kawaii Pompompurin de Cer\u00e1mica"}]},{"@type":"WebSite","@id":"https:\/\/digilago.es\/tazamania\/#website","url":"https:\/\/digilago.es\/tazamania\/","name":"","description":"","potentialAction":[{"@type":"SearchAction","target":{"@type":"EntryPoint","urlTemplate":"https:\/\/digilago.es\/tazamania\/?s={search_term_string}"},"query-input":{"@type":"PropertyValueSpecification","valueRequired":true,"valueName":"search_term_string"}}],"inLanguage":"es"}]}},"_links":{"self":[{"href":"https:\/\/digilago.es\/tazamania\/wp-json\/wp\/v2\/product\/355","targetHints":{"allow":["GET"]}}],"collection":[{"href":"https:\/\/digilago.es\/tazamania\/wp-json\/wp\/v2\/product"}],"about":[{"href":"https:\/\/digilago.es\/tazamania\/wp-json\/wp\/v2\/types\/product"}],"replies":[{"embeddable":true,"href":"https:\/\/digilago.es\/tazamania\/wp-json\/wp\/v2\/comments?post=355"}],"wp:featuredmedia":[{"embeddable":true,"href":"https:\/\/digilago.es\/tazamania\/wp-json\/wp\/v2\/media\/356"}],"wp:attachment":[{"href":"https:\/\/digilago.es\/tazamania\/wp-json\/wp\/v2\/media?parent=355"}],"wp:term":[{"taxonomy":"product_brand","embeddable":true,"href":"https:\/\/digilago.es\/tazamania\/wp-json\/wp\/v2\/product_brand?post=355"},{"taxonomy":"product_cat","embeddable":true,"href":"https:\/\/digilago.es\/tazamania\/wp-json\/wp\/v2\/product_cat?post=355"},{"taxonomy":"product_tag","embeddable":true,"href":"https:\/\/digilago.es\/tazamania\/wp-json\/wp\/v2\/product_tag?post=355"}],"curies":[{"name":"wp","href":"https:\/\/api.w.org\/{rel}","templated":true}]}}