{"id":339,"date":"2026-04-10T10:59:22","date_gmt":"2026-04-10T08:59:22","guid":{"rendered":"https:\/\/digilago.es\/tazamania\/?post_type=product&#038;p=339"},"modified":"2026-04-10T11:00:04","modified_gmt":"2026-04-10T09:00:04","slug":"taza-de-rengoku-demon-slayer","status":"publish","type":"product","link":"https:\/\/digilago.es\/tazamania\/producto\/taza-de-rengoku-demon-slayer\/","title":{"rendered":"Taza de Rengoku Demon Slayer"},"content":{"rendered":"<p>Enciende tus ma\u00f1anas con la fuerza y el esp\u00edritu de Rengoku \ud83d\udd25<\/p>\n<p>Esta taza inspirada en el poderoso Hashira de la llama de Demon Slayer es perfecta para quienes buscan energ\u00eda, estilo y un dise\u00f1o que realmente destaque. Su acabado cuidado y colores intensos hacen que cada detalle cobre vida, convirti\u00e9ndola en una pieza ideal tanto para uso diario como para colecci\u00f3n.<\/p>\n<p>\u2615 Caracter\u00edsticas:<\/p>\n<ul>\n<li>Material: Cer\u00e1mica de alta calidad<\/li>\n<li>Apta para microondas y lavavajillas<\/li>\n<li>Impresi\u00f3n en alta definici\u00f3n resistente al uso<\/li>\n<li>Capacidad est\u00e1ndar (aprox. 325 ml)<\/li>\n<\/ul>\n<p>Perfecta para acompa\u00f1arte en cada caf\u00e9, t\u00e9 o bebida favorita con un toque \u00e9pico que no pasa desapercibido.<\/p>\n<p>\ud83c\udf81 Ideal para regalar en cumplea\u00f1os, ocasiones especiales o sorprender a cualquier fan de Demon Slayer.<\/p>\n<p>Haz que cada sorbo tenga la energ\u00eda de Rengoku.<\/p>\n","protected":false},"excerpt":{"rendered":"<p>Enciende tus ma\u00f1anas con la fuerza y el esp\u00edritu de Rengoku \ud83d\udd25 Esta taza inspirada en el poderoso Hashira de la llama de Demon Slayer es perfecta para quienes buscan energ\u00eda, estilo y un dise\u00f1o que realmente destaque. Su acabado cuidado y colores intensos hacen que cada detalle cobre vida, convirti\u00e9ndola en una pieza ideal [&hellip;]<\/p>\n","protected":false},"featured_media":340,"comment_status":"open","ping_status":"closed","template":"","meta":[],"product_brand":[],"product_cat":[25],"product_tag":[29,32,28,30,31],"class_list":{"0":"post-339","1":"product","2":"type-product","3":"status-publish","4":"has-post-thumbnail","6":"product_cat-anime","7":"product_tag-demon-slayer","8":"product_tag-hashira","9":"product_tag-regalo-anime","10":"product_tag-rengoku","11":"product_tag-taza-anime","13":"first","14":"instock","15":"sold-individually","16":"taxable","17":"shipping-taxable","18":"purchasable","19":"product-type-simple"},"yoast_head":"<!-- This site is optimized with the Yoast SEO plugin v26.8 - https:\/\/yoast.com\/product\/yoast-seo-wordpress\/ -->\n<title>Taza de Rengoku Demon Slayer -<\/title>\n<meta name=\"description\" content=\"Taza Rengoku de Demon Slayer perfecta para fans del anime. Perfecta para caf\u00e9 o t\u00e9, resistente y una opci\u00f3n ideal para regalar a cualquier fan del anime\" \/>\n<meta name=\"robots\" content=\"index, follow, max-snippet:-1, max-image-preview:large, max-video-preview:-1\" \/>\n<link rel=\"canonical\" href=\"https:\/\/digilago.es\/tazamania\/producto\/taza-de-rengoku-demon-slayer\/\" \/>\n<meta property=\"og:locale\" content=\"es_ES\" \/>\n<meta property=\"og:type\" content=\"article\" \/>\n<meta property=\"og:title\" content=\"Taza de Rengoku Demon Slayer -\" \/>\n<meta property=\"og:description\" content=\"Taza Rengoku de Demon Slayer perfecta para fans del anime. Perfecta para caf\u00e9 o t\u00e9, resistente y una opci\u00f3n ideal para regalar a cualquier fan del anime\" \/>\n<meta property=\"og:url\" content=\"https:\/\/digilago.es\/tazamania\/producto\/taza-de-rengoku-demon-slayer\/\" \/>\n<meta property=\"article:modified_time\" content=\"2026-04-10T09:00:04+00:00\" \/>\n<meta property=\"og:image\" content=\"https:\/\/digilago.es\/tazamania\/wp-content\/uploads\/sites\/46\/2026\/04\/rengoku-kyoujurou-cup.jpg\" \/>\n\t<meta property=\"og:image:width\" content=\"736\" \/>\n\t<meta property=\"og:image:height\" content=\"736\" \/>\n\t<meta property=\"og:image:type\" content=\"image\/jpeg\" \/>\n<meta name=\"twitter:card\" content=\"summary_large_image\" \/>\n<meta name=\"twitter:label1\" content=\"Tiempo de lectura\" \/>\n\t<meta name=\"twitter:data1\" content=\"1 minuto\" \/>\n<script type=\"application\/ld+json\" class=\"yoast-schema-graph\">{\"@context\":\"https:\/\/schema.org\",\"@graph\":[{\"@type\":\"WebPage\",\"@id\":\"https:\/\/digilago.es\/tazamania\/producto\/taza-de-rengoku-demon-slayer\/\",\"url\":\"https:\/\/digilago.es\/tazamania\/producto\/taza-de-rengoku-demon-slayer\/\",\"name\":\"Taza de Rengoku Demon Slayer -\",\"isPartOf\":{\"@id\":\"https:\/\/digilago.es\/tazamania\/#website\"},\"primaryImageOfPage\":{\"@id\":\"https:\/\/digilago.es\/tazamania\/producto\/taza-de-rengoku-demon-slayer\/#primaryimage\"},\"image\":{\"@id\":\"https:\/\/digilago.es\/tazamania\/producto\/taza-de-rengoku-demon-slayer\/#primaryimage\"},\"thumbnailUrl\":\"https:\/\/digilago.es\/tazamania\/wp-content\/uploads\/sites\/46\/2026\/04\/rengoku-kyoujurou-cup.jpg\",\"datePublished\":\"2026-04-10T08:59:22+00:00\",\"dateModified\":\"2026-04-10T09:00:04+00:00\",\"description\":\"Taza Rengoku de Demon Slayer perfecta para fans del anime. Perfecta para caf\u00e9 o t\u00e9, resistente y una opci\u00f3n ideal para regalar a cualquier fan del anime\",\"breadcrumb\":{\"@id\":\"https:\/\/digilago.es\/tazamania\/producto\/taza-de-rengoku-demon-slayer\/#breadcrumb\"},\"inLanguage\":\"es\",\"potentialAction\":[{\"@type\":\"ReadAction\",\"target\":[\"https:\/\/digilago.es\/tazamania\/producto\/taza-de-rengoku-demon-slayer\/\"]}]},{\"@type\":\"ImageObject\",\"inLanguage\":\"es\",\"@id\":\"https:\/\/digilago.es\/tazamania\/producto\/taza-de-rengoku-demon-slayer\/#primaryimage\",\"url\":\"https:\/\/digilago.es\/tazamania\/wp-content\/uploads\/sites\/46\/2026\/04\/rengoku-kyoujurou-cup.jpg\",\"contentUrl\":\"https:\/\/digilago.es\/tazamania\/wp-content\/uploads\/sites\/46\/2026\/04\/rengoku-kyoujurou-cup.jpg\",\"width\":736,\"height\":736,\"caption\":\"rengoku demon slayer\"},{\"@type\":\"BreadcrumbList\",\"@id\":\"https:\/\/digilago.es\/tazamania\/producto\/taza-de-rengoku-demon-slayer\/#breadcrumb\",\"itemListElement\":[{\"@type\":\"ListItem\",\"position\":1,\"name\":\"Portada\",\"item\":\"https:\/\/digilago.es\/tazamania\/\"},{\"@type\":\"ListItem\",\"position\":2,\"name\":\"Explora nuestra tienda\",\"item\":\"https:\/\/digilago.es\/tazamania\/tienda\/\"},{\"@type\":\"ListItem\",\"position\":3,\"name\":\"Taza de Rengoku Demon Slayer\"}]},{\"@type\":\"WebSite\",\"@id\":\"https:\/\/digilago.es\/tazamania\/#website\",\"url\":\"https:\/\/digilago.es\/tazamania\/\",\"name\":\"\",\"description\":\"\",\"potentialAction\":[{\"@type\":\"SearchAction\",\"target\":{\"@type\":\"EntryPoint\",\"urlTemplate\":\"https:\/\/digilago.es\/tazamania\/?s={search_term_string}\"},\"query-input\":{\"@type\":\"PropertyValueSpecification\",\"valueRequired\":true,\"valueName\":\"search_term_string\"}}],\"inLanguage\":\"es\"}]}<\/script>\n<!-- \/ Yoast SEO plugin. -->","yoast_head_json":{"title":"Taza de Rengoku Demon Slayer -","description":"Taza Rengoku de Demon Slayer perfecta para fans del anime. Perfecta para caf\u00e9 o t\u00e9, resistente y una opci\u00f3n ideal para regalar a cualquier fan del anime","robots":{"index":"index","follow":"follow","max-snippet":"max-snippet:-1","max-image-preview":"max-image-preview:large","max-video-preview":"max-video-preview:-1"},"canonical":"https:\/\/digilago.es\/tazamania\/producto\/taza-de-rengoku-demon-slayer\/","og_locale":"es_ES","og_type":"article","og_title":"Taza de Rengoku Demon Slayer -","og_description":"Taza Rengoku de Demon Slayer perfecta para fans del anime. Perfecta para caf\u00e9 o t\u00e9, resistente y una opci\u00f3n ideal para regalar a cualquier fan del anime","og_url":"https:\/\/digilago.es\/tazamania\/producto\/taza-de-rengoku-demon-slayer\/","article_modified_time":"2026-04-10T09:00:04+00:00","og_image":[{"width":736,"height":736,"url":"https:\/\/digilago.es\/tazamania\/wp-content\/uploads\/sites\/46\/2026\/04\/rengoku-kyoujurou-cup.jpg","type":"image\/jpeg"}],"twitter_card":"summary_large_image","twitter_misc":{"Tiempo de lectura":"1 minuto"},"schema":{"@context":"https:\/\/schema.org","@graph":[{"@type":"WebPage","@id":"https:\/\/digilago.es\/tazamania\/producto\/taza-de-rengoku-demon-slayer\/","url":"https:\/\/digilago.es\/tazamania\/producto\/taza-de-rengoku-demon-slayer\/","name":"Taza de Rengoku Demon Slayer -","isPartOf":{"@id":"https:\/\/digilago.es\/tazamania\/#website"},"primaryImageOfPage":{"@id":"https:\/\/digilago.es\/tazamania\/producto\/taza-de-rengoku-demon-slayer\/#primaryimage"},"image":{"@id":"https:\/\/digilago.es\/tazamania\/producto\/taza-de-rengoku-demon-slayer\/#primaryimage"},"thumbnailUrl":"https:\/\/digilago.es\/tazamania\/wp-content\/uploads\/sites\/46\/2026\/04\/rengoku-kyoujurou-cup.jpg","datePublished":"2026-04-10T08:59:22+00:00","dateModified":"2026-04-10T09:00:04+00:00","description":"Taza Rengoku de Demon Slayer perfecta para fans del anime. Perfecta para caf\u00e9 o t\u00e9, resistente y una opci\u00f3n ideal para regalar a cualquier fan del anime","breadcrumb":{"@id":"https:\/\/digilago.es\/tazamania\/producto\/taza-de-rengoku-demon-slayer\/#breadcrumb"},"inLanguage":"es","potentialAction":[{"@type":"ReadAction","target":["https:\/\/digilago.es\/tazamania\/producto\/taza-de-rengoku-demon-slayer\/"]}]},{"@type":"ImageObject","inLanguage":"es","@id":"https:\/\/digilago.es\/tazamania\/producto\/taza-de-rengoku-demon-slayer\/#primaryimage","url":"https:\/\/digilago.es\/tazamania\/wp-content\/uploads\/sites\/46\/2026\/04\/rengoku-kyoujurou-cup.jpg","contentUrl":"https:\/\/digilago.es\/tazamania\/wp-content\/uploads\/sites\/46\/2026\/04\/rengoku-kyoujurou-cup.jpg","width":736,"height":736,"caption":"rengoku demon slayer"},{"@type":"BreadcrumbList","@id":"https:\/\/digilago.es\/tazamania\/producto\/taza-de-rengoku-demon-slayer\/#breadcrumb","itemListElement":[{"@type":"ListItem","position":1,"name":"Portada","item":"https:\/\/digilago.es\/tazamania\/"},{"@type":"ListItem","position":2,"name":"Explora nuestra tienda","item":"https:\/\/digilago.es\/tazamania\/tienda\/"},{"@type":"ListItem","position":3,"name":"Taza de Rengoku Demon Slayer"}]},{"@type":"WebSite","@id":"https:\/\/digilago.es\/tazamania\/#website","url":"https:\/\/digilago.es\/tazamania\/","name":"","description":"","potentialAction":[{"@type":"SearchAction","target":{"@type":"EntryPoint","urlTemplate":"https:\/\/digilago.es\/tazamania\/?s={search_term_string}"},"query-input":{"@type":"PropertyValueSpecification","valueRequired":true,"valueName":"search_term_string"}}],"inLanguage":"es"}]}},"_links":{"self":[{"href":"https:\/\/digilago.es\/tazamania\/wp-json\/wp\/v2\/product\/339","targetHints":{"allow":["GET"]}}],"collection":[{"href":"https:\/\/digilago.es\/tazamania\/wp-json\/wp\/v2\/product"}],"about":[{"href":"https:\/\/digilago.es\/tazamania\/wp-json\/wp\/v2\/types\/product"}],"replies":[{"embeddable":true,"href":"https:\/\/digilago.es\/tazamania\/wp-json\/wp\/v2\/comments?post=339"}],"wp:featuredmedia":[{"embeddable":true,"href":"https:\/\/digilago.es\/tazamania\/wp-json\/wp\/v2\/media\/340"}],"wp:attachment":[{"href":"https:\/\/digilago.es\/tazamania\/wp-json\/wp\/v2\/media?parent=339"}],"wp:term":[{"taxonomy":"product_brand","embeddable":true,"href":"https:\/\/digilago.es\/tazamania\/wp-json\/wp\/v2\/product_brand?post=339"},{"taxonomy":"product_cat","embeddable":true,"href":"https:\/\/digilago.es\/tazamania\/wp-json\/wp\/v2\/product_cat?post=339"},{"taxonomy":"product_tag","embeddable":true,"href":"https:\/\/digilago.es\/tazamania\/wp-json\/wp\/v2\/product_tag?post=339"}],"curies":[{"name":"wp","href":"https:\/\/api.w.org\/{rel}","templated":true}]}}