{"id":5505,"date":"2024-01-06T00:56:34","date_gmt":"2024-01-06T00:56:34","guid":{"rendered":"https:\/\/digilago.es\/mugun\/?post_type=product&#038;p=5505"},"modified":"2024-01-09T07:05:24","modified_gmt":"2024-01-09T07:05:24","slug":"holika-holika-holi-pop-double-eyelid-liner","status":"publish","type":"product","link":"https:\/\/digilago.es\/mugun\/producto\/holika-holika-holi-pop-double-eyelid-liner\/","title":{"rendered":"HOLIKA HOLIKA \u2013 Holi Pop Double Eyelid Liner"},"content":{"rendered":"<p><strong><u>C\u00f3mo aplicar:<\/u><\/strong><\/p>\n<p>Sigue la l\u00ednea natural del pliegue del ojo, trazando suavemente para realzar o crear un efecto de doble p\u00e1rpado. Asegura una aplicaci\u00f3n precisa para lograr el look deseado.<\/p>\n<p><strong><u>Beneficios:<\/u><\/strong><\/p>\n<ul>\n<li><strong>Realce del pliegue: <\/strong>dise\u00f1ado para realzar o definir el pliegue del ojo, proporcionando un aspecto m\u00e1s profundo y definido.<\/li>\n<li><strong>Versatilidad: <\/strong>se adapta a diferentes estilos y looks, permitiendo experimentar con la apariencia del p\u00e1rpado.<\/li>\n<li><strong>Aplicaci\u00f3n precisa: <\/strong>cuenta con un aplicador que facilita la creaci\u00f3n de l\u00edneas limpias y definidas.<\/li>\n<\/ul>\n<p><strong><u>Ingredientes:<\/u><\/strong><\/p>\n<p>WATER, BUTYLENE GLYCOL, ACRYLATES\/OCTYLACRYLAMIDE COPOLYMER, DIGLYCERIN, ALTHAEA ROSEA FLOWER EXTRACT, LAURETH-25, DIETHYLHEXYL SODIUM SULFOSUCCINATE, AMINOMETHYL PROPANOL, ETHYLHEXYLGLYCERIN, SD ALCOHOL, PHENOXYETHANOL, FAST ACID MAGENTA (CI 17200), OCTANEDIOL, SUNSET YELLOW FCF (CI 15985), DIPHENYL DIMETHICONE, PENTYLENE GLYCOL, SOYBEAN EXTRACT, BRILLIANT BLUE FCF (CI 42090), VINCETOXICUM ATRATUM EXTRACT, GLYCERIN, HYDROGENATED LECITHIN, TARTRAZINE (CI 19140), 1,2-HEXANEDIOL, TRIETHYLHEXANOIN<\/p>\n","protected":false},"excerpt":{"rendered":"<p>Delineador que ayuda a definir, resaltar o crear visualmente un pliegue doble en el p\u00e1rpado, proporcionando una herramienta de maquillaje vers\u00e1til para diferentes estilos y looks. Creado para ofrecer una soluci\u00f3n f\u00e1cil y efectiva para aquellos que buscan este efecto particular.<\/p>\n<p>Contenido: 0,5 gr<\/p>\n","protected":false},"featured_media":5703,"comment_status":"open","ping_status":"closed","template":"","meta":{"site-sidebar-layout":"default","site-content-layout":"","ast-site-content-layout":"default","site-content-style":"default","site-sidebar-style":"default","ast-global-header-display":"","ast-banner-title-visibility":"","ast-main-header-display":"","ast-hfb-above-header-display":"","ast-hfb-below-header-display":"","ast-hfb-mobile-header-display":"","site-post-title":"","ast-breadcrumbs-content":"","ast-featured-img":"","footer-sml-layout":"","ast-disable-related-posts":"","theme-transparent-header-meta":"default","adv-header-id-meta":"","stick-header-meta":"","header-above-stick-meta":"","header-main-stick-meta":"","header-below-stick-meta":"","astra-migrate-meta-layouts":"set","ast-page-background-enabled":"default","ast-page-background-meta":{"desktop":{"background-color":"var(--ast-global-color-4)","background-image":"","background-repeat":"repeat","background-position":"center center","background-size":"auto","background-attachment":"scroll","background-type":"","background-media":"","overlay-type":"","overlay-color":"","overlay-opacity":"","overlay-gradient":""},"tablet":{"background-color":"","background-image":"","background-repeat":"repeat","background-position":"center center","background-size":"auto","background-attachment":"scroll","background-type":"","background-media":"","overlay-type":"","overlay-color":"","overlay-opacity":"","overlay-gradient":""},"mobile":{"background-color":"","background-image":"","background-repeat":"repeat","background-position":"center center","background-size":"auto","background-attachment":"scroll","background-type":"","background-media":"","overlay-type":"","overlay-color":"","overlay-opacity":"","overlay-gradient":""}},"ast-content-background-meta":{"desktop":{"background-color":"var(--ast-global-color-5)","background-image":"","background-repeat":"repeat","background-position":"center center","background-size":"auto","background-attachment":"scroll","background-type":"","background-media":"","overlay-type":"","overlay-color":"","overlay-opacity":"","overlay-gradient":""},"tablet":{"background-color":"var(--ast-global-color-5)","background-image":"","background-repeat":"repeat","background-position":"center center","background-size":"auto","background-attachment":"scroll","background-type":"","background-media":"","overlay-type":"","overlay-color":"","overlay-opacity":"","overlay-gradient":""},"mobile":{"background-color":"var(--ast-global-color-5)","background-image":"","background-repeat":"repeat","background-position":"center center","background-size":"auto","background-attachment":"scroll","background-type":"","background-media":"","overlay-type":"","overlay-color":"","overlay-opacity":"","overlay-gradient":""}}},"product_brand":[],"product_cat":[112,115,99,92,45,47,61,42,31,33],"product_tag":[],"class_list":{"0":"post-5505","1":"product","2":"type-product","3":"status-publish","4":"has-post-thumbnail","6":"product_cat-delineadores-de-ojos","7":"product_cat-glow","8":"product_cat-holika-holika","9":"product_cat-ojos","10":"product_cat-piel-con-acne","11":"product_cat-piel-grasa","12":"product_cat-piel-mixta","13":"product_cat-piel-seca","14":"product_cat-sensible","15":"product_cat-todo-tipo-de-piel","16":"desktop-align-center","17":"tablet-align-left","18":"mobile-align-left","20":"first","21":"instock","22":"shipping-taxable","23":"purchasable","24":"product-type-variable"},"yoast_head":"<!-- This site is optimized with the Yoast SEO plugin v26.8 - https:\/\/yoast.com\/product\/yoast-seo-wordpress\/ -->\n<title>HOLIKA HOLIKA \u2013 Holi Pop Double Eyelid Liner - MERAKI<\/title>\n<meta name=\"robots\" content=\"index, follow, max-snippet:-1, max-image-preview:large, max-video-preview:-1\" \/>\n<link rel=\"canonical\" href=\"https:\/\/digilago.es\/mugun\/producto\/holika-holika-holi-pop-double-eyelid-liner\/\" \/>\n<meta property=\"og:locale\" content=\"es_ES\" \/>\n<meta property=\"og:type\" content=\"article\" \/>\n<meta property=\"og:title\" content=\"HOLIKA HOLIKA \u2013 Holi Pop Double Eyelid Liner - MERAKI\" \/>\n<meta property=\"og:description\" content=\"Delineador que ayuda a definir, resaltar o crear visualmente un pliegue doble en el p\u00e1rpado, proporcionando una herramienta de maquillaje vers\u00e1til para diferentes estilos y looks. Creado para ofrecer una soluci\u00f3n f\u00e1cil y efectiva para aquellos que buscan este efecto particular.  Contenido: 0,5 gr\" \/>\n<meta property=\"og:url\" content=\"https:\/\/digilago.es\/mugun\/producto\/holika-holika-holi-pop-double-eyelid-liner\/\" \/>\n<meta property=\"og:site_name\" content=\"MERAKI\" \/>\n<meta property=\"article:modified_time\" content=\"2024-01-09T07:05:24+00:00\" \/>\n<meta property=\"og:image\" content=\"https:\/\/digilago.es\/mugun\/wp-content\/uploads\/sites\/5\/2024\/01\/sg-11134201-22120-88mc3l0cflkvcd.jpeg\" \/>\n\t<meta property=\"og:image:width\" content=\"600\" \/>\n\t<meta property=\"og:image:height\" content=\"600\" \/>\n\t<meta property=\"og:image:type\" content=\"image\/jpeg\" \/>\n<meta name=\"twitter:card\" content=\"summary_large_image\" \/>\n<meta name=\"twitter:label1\" content=\"Tiempo de lectura\" \/>\n\t<meta name=\"twitter:data1\" content=\"1 minuto\" \/>\n<script type=\"application\/ld+json\" class=\"yoast-schema-graph\">{\"@context\":\"https:\/\/schema.org\",\"@graph\":[{\"@type\":\"WebPage\",\"@id\":\"https:\/\/digilago.es\/mugun\/producto\/holika-holika-holi-pop-double-eyelid-liner\/\",\"url\":\"https:\/\/digilago.es\/mugun\/producto\/holika-holika-holi-pop-double-eyelid-liner\/\",\"name\":\"HOLIKA HOLIKA \u2013 Holi Pop Double Eyelid Liner - MERAKI\",\"isPartOf\":{\"@id\":\"https:\/\/digilago.es\/mugun\/#website\"},\"primaryImageOfPage\":{\"@id\":\"https:\/\/digilago.es\/mugun\/producto\/holika-holika-holi-pop-double-eyelid-liner\/#primaryimage\"},\"image\":{\"@id\":\"https:\/\/digilago.es\/mugun\/producto\/holika-holika-holi-pop-double-eyelid-liner\/#primaryimage\"},\"thumbnailUrl\":\"https:\/\/digilago.es\/mugun\/wp-content\/uploads\/sites\/5\/2024\/01\/sg-11134201-22120-88mc3l0cflkvcd.jpeg\",\"datePublished\":\"2024-01-06T00:56:34+00:00\",\"dateModified\":\"2024-01-09T07:05:24+00:00\",\"breadcrumb\":{\"@id\":\"https:\/\/digilago.es\/mugun\/producto\/holika-holika-holi-pop-double-eyelid-liner\/#breadcrumb\"},\"inLanguage\":\"es\",\"potentialAction\":[{\"@type\":\"ReadAction\",\"target\":[\"https:\/\/digilago.es\/mugun\/producto\/holika-holika-holi-pop-double-eyelid-liner\/\"]}]},{\"@type\":\"ImageObject\",\"inLanguage\":\"es\",\"@id\":\"https:\/\/digilago.es\/mugun\/producto\/holika-holika-holi-pop-double-eyelid-liner\/#primaryimage\",\"url\":\"https:\/\/digilago.es\/mugun\/wp-content\/uploads\/sites\/5\/2024\/01\/sg-11134201-22120-88mc3l0cflkvcd.jpeg\",\"contentUrl\":\"https:\/\/digilago.es\/mugun\/wp-content\/uploads\/sites\/5\/2024\/01\/sg-11134201-22120-88mc3l0cflkvcd.jpeg\",\"width\":600,\"height\":600},{\"@type\":\"BreadcrumbList\",\"@id\":\"https:\/\/digilago.es\/mugun\/producto\/holika-holika-holi-pop-double-eyelid-liner\/#breadcrumb\",\"itemListElement\":[{\"@type\":\"ListItem\",\"position\":1,\"name\":\"Portada\",\"item\":\"https:\/\/digilago.es\/mugun\/\"},{\"@type\":\"ListItem\",\"position\":2,\"name\":\"Todos los productos\",\"item\":\"https:\/\/digilago.es\/mugun\/shop\/\"},{\"@type\":\"ListItem\",\"position\":3,\"name\":\"HOLIKA HOLIKA \u2013 Holi Pop Double Eyelid Liner\"}]},{\"@type\":\"WebSite\",\"@id\":\"https:\/\/digilago.es\/mugun\/#website\",\"url\":\"https:\/\/digilago.es\/mugun\/\",\"name\":\"MERAKI\",\"description\":\"Otro sitio m\u00e1s de DIGILAGO proyectos de negocio alumnos\",\"publisher\":{\"@id\":\"https:\/\/digilago.es\/mugun\/#organization\"},\"potentialAction\":[{\"@type\":\"SearchAction\",\"target\":{\"@type\":\"EntryPoint\",\"urlTemplate\":\"https:\/\/digilago.es\/mugun\/?s={search_term_string}\"},\"query-input\":{\"@type\":\"PropertyValueSpecification\",\"valueRequired\":true,\"valueName\":\"search_term_string\"}}],\"inLanguage\":\"es\"},{\"@type\":\"Organization\",\"@id\":\"https:\/\/digilago.es\/mugun\/#organization\",\"name\":\"MERAKI\",\"url\":\"https:\/\/digilago.es\/mugun\/\",\"logo\":{\"@type\":\"ImageObject\",\"inLanguage\":\"es\",\"@id\":\"https:\/\/digilago.es\/mugun\/#\/schema\/logo\/image\/\",\"url\":\"https:\/\/digilago.es\/mugun\/wp-content\/uploads\/sites\/5\/2024\/01\/cropped-cropped-Logo-blanco-sin-nombre.png\",\"contentUrl\":\"https:\/\/digilago.es\/mugun\/wp-content\/uploads\/sites\/5\/2024\/01\/cropped-cropped-Logo-blanco-sin-nombre.png\",\"width\":184,\"height\":166,\"caption\":\"MERAKI\"},\"image\":{\"@id\":\"https:\/\/digilago.es\/mugun\/#\/schema\/logo\/image\/\"}}]}<\/script>\n<!-- \/ Yoast SEO plugin. -->","yoast_head_json":{"title":"HOLIKA HOLIKA \u2013 Holi Pop Double Eyelid Liner - MERAKI","robots":{"index":"index","follow":"follow","max-snippet":"max-snippet:-1","max-image-preview":"max-image-preview:large","max-video-preview":"max-video-preview:-1"},"canonical":"https:\/\/digilago.es\/mugun\/producto\/holika-holika-holi-pop-double-eyelid-liner\/","og_locale":"es_ES","og_type":"article","og_title":"HOLIKA HOLIKA \u2013 Holi Pop Double Eyelid Liner - MERAKI","og_description":"Delineador que ayuda a definir, resaltar o crear visualmente un pliegue doble en el p\u00e1rpado, proporcionando una herramienta de maquillaje vers\u00e1til para diferentes estilos y looks. Creado para ofrecer una soluci\u00f3n f\u00e1cil y efectiva para aquellos que buscan este efecto particular.  Contenido: 0,5 gr","og_url":"https:\/\/digilago.es\/mugun\/producto\/holika-holika-holi-pop-double-eyelid-liner\/","og_site_name":"MERAKI","article_modified_time":"2024-01-09T07:05:24+00:00","og_image":[{"width":600,"height":600,"url":"https:\/\/digilago.es\/mugun\/wp-content\/uploads\/sites\/5\/2024\/01\/sg-11134201-22120-88mc3l0cflkvcd.jpeg","type":"image\/jpeg"}],"twitter_card":"summary_large_image","twitter_misc":{"Tiempo de lectura":"1 minuto"},"schema":{"@context":"https:\/\/schema.org","@graph":[{"@type":"WebPage","@id":"https:\/\/digilago.es\/mugun\/producto\/holika-holika-holi-pop-double-eyelid-liner\/","url":"https:\/\/digilago.es\/mugun\/producto\/holika-holika-holi-pop-double-eyelid-liner\/","name":"HOLIKA HOLIKA \u2013 Holi Pop Double Eyelid Liner - MERAKI","isPartOf":{"@id":"https:\/\/digilago.es\/mugun\/#website"},"primaryImageOfPage":{"@id":"https:\/\/digilago.es\/mugun\/producto\/holika-holika-holi-pop-double-eyelid-liner\/#primaryimage"},"image":{"@id":"https:\/\/digilago.es\/mugun\/producto\/holika-holika-holi-pop-double-eyelid-liner\/#primaryimage"},"thumbnailUrl":"https:\/\/digilago.es\/mugun\/wp-content\/uploads\/sites\/5\/2024\/01\/sg-11134201-22120-88mc3l0cflkvcd.jpeg","datePublished":"2024-01-06T00:56:34+00:00","dateModified":"2024-01-09T07:05:24+00:00","breadcrumb":{"@id":"https:\/\/digilago.es\/mugun\/producto\/holika-holika-holi-pop-double-eyelid-liner\/#breadcrumb"},"inLanguage":"es","potentialAction":[{"@type":"ReadAction","target":["https:\/\/digilago.es\/mugun\/producto\/holika-holika-holi-pop-double-eyelid-liner\/"]}]},{"@type":"ImageObject","inLanguage":"es","@id":"https:\/\/digilago.es\/mugun\/producto\/holika-holika-holi-pop-double-eyelid-liner\/#primaryimage","url":"https:\/\/digilago.es\/mugun\/wp-content\/uploads\/sites\/5\/2024\/01\/sg-11134201-22120-88mc3l0cflkvcd.jpeg","contentUrl":"https:\/\/digilago.es\/mugun\/wp-content\/uploads\/sites\/5\/2024\/01\/sg-11134201-22120-88mc3l0cflkvcd.jpeg","width":600,"height":600},{"@type":"BreadcrumbList","@id":"https:\/\/digilago.es\/mugun\/producto\/holika-holika-holi-pop-double-eyelid-liner\/#breadcrumb","itemListElement":[{"@type":"ListItem","position":1,"name":"Portada","item":"https:\/\/digilago.es\/mugun\/"},{"@type":"ListItem","position":2,"name":"Todos los productos","item":"https:\/\/digilago.es\/mugun\/shop\/"},{"@type":"ListItem","position":3,"name":"HOLIKA HOLIKA \u2013 Holi Pop Double Eyelid Liner"}]},{"@type":"WebSite","@id":"https:\/\/digilago.es\/mugun\/#website","url":"https:\/\/digilago.es\/mugun\/","name":"MERAKI","description":"Otro sitio m\u00e1s de DIGILAGO proyectos de negocio alumnos","publisher":{"@id":"https:\/\/digilago.es\/mugun\/#organization"},"potentialAction":[{"@type":"SearchAction","target":{"@type":"EntryPoint","urlTemplate":"https:\/\/digilago.es\/mugun\/?s={search_term_string}"},"query-input":{"@type":"PropertyValueSpecification","valueRequired":true,"valueName":"search_term_string"}}],"inLanguage":"es"},{"@type":"Organization","@id":"https:\/\/digilago.es\/mugun\/#organization","name":"MERAKI","url":"https:\/\/digilago.es\/mugun\/","logo":{"@type":"ImageObject","inLanguage":"es","@id":"https:\/\/digilago.es\/mugun\/#\/schema\/logo\/image\/","url":"https:\/\/digilago.es\/mugun\/wp-content\/uploads\/sites\/5\/2024\/01\/cropped-cropped-Logo-blanco-sin-nombre.png","contentUrl":"https:\/\/digilago.es\/mugun\/wp-content\/uploads\/sites\/5\/2024\/01\/cropped-cropped-Logo-blanco-sin-nombre.png","width":184,"height":166,"caption":"MERAKI"},"image":{"@id":"https:\/\/digilago.es\/mugun\/#\/schema\/logo\/image\/"}}]}},"_links":{"self":[{"href":"https:\/\/digilago.es\/mugun\/wp-json\/wp\/v2\/product\/5505","targetHints":{"allow":["GET"]}}],"collection":[{"href":"https:\/\/digilago.es\/mugun\/wp-json\/wp\/v2\/product"}],"about":[{"href":"https:\/\/digilago.es\/mugun\/wp-json\/wp\/v2\/types\/product"}],"replies":[{"embeddable":true,"href":"https:\/\/digilago.es\/mugun\/wp-json\/wp\/v2\/comments?post=5505"}],"wp:featuredmedia":[{"embeddable":true,"href":"https:\/\/digilago.es\/mugun\/wp-json\/wp\/v2\/media\/5703"}],"wp:attachment":[{"href":"https:\/\/digilago.es\/mugun\/wp-json\/wp\/v2\/media?parent=5505"}],"wp:term":[{"taxonomy":"product_brand","embeddable":true,"href":"https:\/\/digilago.es\/mugun\/wp-json\/wp\/v2\/product_brand?post=5505"},{"taxonomy":"product_cat","embeddable":true,"href":"https:\/\/digilago.es\/mugun\/wp-json\/wp\/v2\/product_cat?post=5505"},{"taxonomy":"product_tag","embeddable":true,"href":"https:\/\/digilago.es\/mugun\/wp-json\/wp\/v2\/product_tag?post=5505"}],"curies":[{"name":"wp","href":"https:\/\/api.w.org\/{rel}","templated":true}]}}