{"id":5307,"date":"2024-01-06T00:31:13","date_gmt":"2024-01-06T00:31:13","guid":{"rendered":"https:\/\/digilago.es\/mugun\/?post_type=product&#038;p=5307"},"modified":"2024-01-09T04:34:55","modified_gmt":"2024-01-09T04:34:55","slug":"clio-kill-cover-fixer-cushion","status":"publish","type":"product","link":"https:\/\/digilago.es\/mugun\/producto\/clio-kill-cover-fixer-cushion\/","title":{"rendered":"CLIO \u2013 Kill Cover Fixer Cushion"},"content":{"rendered":"<p><strong><u>C\u00f3mo aplicar:<\/u><\/strong><\/p>\n<p>Cushion de alta cobertura que ofrece un acabado duradero y resistente al agua. Incluye recambios de la base, un estuche compacto con espejo y una esponja para aplicar el producto de manera uniforme.<\/p>\n<p><strong><u>Beneficios:<\/u><\/strong><\/p>\n<ol>\n<li><strong>Alta cobertura:<\/strong> proporciona un acabado impecable, cubriendo imperfecciones, manchas y ofreciendo una cobertura completa y duradera.<\/li>\n<li><strong>Durabilidad y resistencia al agua:<\/strong> f\u00f3rmula de larga duraci\u00f3n y resistente al agua, esta base se mantiene intacta por mucho tiempo, ideal para jornadas largas o condiciones clim\u00e1ticas h\u00famedas.<\/li>\n<li><strong>Practicidad y portabilidad:<\/strong> un estuche compacto con espejo y una esponja, lo que lo hace conveniente para llevarlo contigo y retocarte durante el d\u00eda.<\/li>\n<\/ol>\n<p><strong><u>Ingredientes:<\/u><\/strong><\/p>\n<p>PURIFIED WATER, TITANIUM DIOXIDE (CI 77891), CYCLOPENTASILOXANE, ETHYLHEXYL METHOXYCINNAMATE, ETHYLHEXYL SALICYLATE, METHYL TRIMETHICONE, ISODODECANE, BUTYLENE GLYCOL, TRIMETHYLSILOXYSILICATE, CETYL PEG\/PPG-10\/1 DIMETHICONE, NIACINAMIDE, BARIUM SULFATE, 1,2-HEXANEDIOL, YELLOW IRON OXIDE (CI 77492), SYNTHETIC FLUORPHLOGOPITE, SILICA, VINYL DIMETHICONE\/METHICONE SILSESQUIOXANE CROSSPOLYMER, CHLORELLA MINUTISSIMA EXTRACT, CAMELLIA SINENSIS LEAF EXTRACT, MENTHA ROTUNDIFOLIA LEAF EXTRACT, THYMUS VULGARIS (THYME) LEAF EXTRACT, C12-15 ALKYL BENZOATE, LAURYL PEG-10 TRIS(TRIMETHYLSILOXY)SILYLETHYL DIMETHICONE, MAGNESIUM SULFATE, DISTEADIMONIUM HECTORITE, ACRYLATE\/STEARYLACRYLATE\/DIMETHICONE METHACRYLATE COPOLYMER, POLYHYDROXYSTEARIC ACID, SORBITAN ISOSTEARATE, STEARIC ACID, ALUMINA, TRIETHOXYCAPRYLYLSILANE, ALUMINUM HYDROXIDE, GLYCERYL CAPRYLATE, SILICA DIMETHYL SILYLATE, GLUCOSE, FRUCTOOLIGOSACCHARIDES, FRUCTOSE, ADENOSINE, TRISODIUM ETHYLENEDIAMINE DISUCCINATE, MAGNESIUM MYRISTATE, PROPANEDIOL, ETHYLHEXYLGLYCERIN, FRAGRANCE, LIMONENE, LINALOOL, BUTYLPHENYL METHYLPROPIONAL,RED IRON OXIDE (CI 77491),BLACK IRON OXIDE (CI 77499)<\/p>\n","protected":false},"excerpt":{"rendered":"<p>Esta base es conocida por su cobertura alta y duradera, dise\u00f1ada para cubrir imperfecciones de la piel, como manchas, poros visibles tonos desiguales.<\/p>\n<p>Contenido: 15 gr<\/p>\n","protected":false},"featured_media":5628,"comment_status":"open","ping_status":"closed","template":"","meta":{"site-sidebar-layout":"default","site-content-layout":"","ast-site-content-layout":"default","site-content-style":"default","site-sidebar-style":"default","ast-global-header-display":"","ast-banner-title-visibility":"","ast-main-header-display":"","ast-hfb-above-header-display":"","ast-hfb-below-header-display":"","ast-hfb-mobile-header-display":"","site-post-title":"","ast-breadcrumbs-content":"","ast-featured-img":"","footer-sml-layout":"","ast-disable-related-posts":"","theme-transparent-header-meta":"default","adv-header-id-meta":"","stick-header-meta":"","header-above-stick-meta":"","header-main-stick-meta":"","header-below-stick-meta":"","astra-migrate-meta-layouts":"set","ast-page-background-enabled":"default","ast-page-background-meta":{"desktop":{"background-color":"var(--ast-global-color-4)","background-image":"","background-repeat":"repeat","background-position":"center center","background-size":"auto","background-attachment":"scroll","background-type":"","background-media":"","overlay-type":"","overlay-color":"","overlay-opacity":"","overlay-gradient":""},"tablet":{"background-color":"","background-image":"","background-repeat":"repeat","background-position":"center center","background-size":"auto","background-attachment":"scroll","background-type":"","background-media":"","overlay-type":"","overlay-color":"","overlay-opacity":"","overlay-gradient":""},"mobile":{"background-color":"","background-image":"","background-repeat":"repeat","background-position":"center center","background-size":"auto","background-attachment":"scroll","background-type":"","background-media":"","overlay-type":"","overlay-color":"","overlay-opacity":"","overlay-gradient":""}},"ast-content-background-meta":{"desktop":{"background-color":"var(--ast-global-color-5)","background-image":"","background-repeat":"repeat","background-position":"center center","background-size":"auto","background-attachment":"scroll","background-type":"","background-media":"","overlay-type":"","overlay-color":"","overlay-opacity":"","overlay-gradient":""},"tablet":{"background-color":"var(--ast-global-color-5)","background-image":"","background-repeat":"repeat","background-position":"center center","background-size":"auto","background-attachment":"scroll","background-type":"","background-media":"","overlay-type":"","overlay-color":"","overlay-opacity":"","overlay-gradient":""},"mobile":{"background-color":"var(--ast-global-color-5)","background-image":"","background-repeat":"repeat","background-position":"center center","background-size":"auto","background-attachment":"scroll","background-type":"","background-media":"","overlay-type":"","overlay-color":"","overlay-opacity":"","overlay-gradient":""}}},"product_brand":[],"product_cat":[118,98,114,94,45,47,61],"product_tag":[],"class_list":{"0":"post-5307","1":"product","2":"type-product","3":"status-publish","4":"has-post-thumbnail","6":"product_cat-bb-cushion","7":"product_cat-clio","8":"product_cat-mate","9":"product_cat-rostro","10":"product_cat-piel-con-acne","11":"product_cat-piel-grasa","12":"product_cat-piel-mixta","13":"desktop-align-center","14":"tablet-align-left","15":"mobile-align-left","17":"first","18":"instock","19":"shipping-taxable","20":"purchasable","21":"product-type-variable","22":"has-default-attributes"},"yoast_head":"<!-- This site is optimized with the Yoast SEO plugin v26.8 - https:\/\/yoast.com\/product\/yoast-seo-wordpress\/ -->\n<title>CLIO \u2013 Kill Cover Fixer Cushion - MERAKI<\/title>\n<meta name=\"robots\" content=\"index, follow, max-snippet:-1, max-image-preview:large, max-video-preview:-1\" \/>\n<link rel=\"canonical\" href=\"https:\/\/digilago.es\/mugun\/producto\/clio-kill-cover-fixer-cushion\/\" \/>\n<meta property=\"og:locale\" content=\"es_ES\" \/>\n<meta property=\"og:type\" content=\"article\" \/>\n<meta property=\"og:title\" content=\"CLIO \u2013 Kill Cover Fixer Cushion - MERAKI\" \/>\n<meta property=\"og:description\" content=\"Esta base es conocida por su cobertura alta y duradera, dise\u00f1ada para cubrir imperfecciones de la piel, como manchas, poros visibles tonos desiguales.  Contenido: 15 gr\" \/>\n<meta property=\"og:url\" content=\"https:\/\/digilago.es\/mugun\/producto\/clio-kill-cover-fixer-cushion\/\" \/>\n<meta property=\"og:site_name\" content=\"MERAKI\" \/>\n<meta property=\"article:modified_time\" content=\"2024-01-09T04:34:55+00:00\" \/>\n<meta property=\"og:image\" content=\"https:\/\/digilago.es\/mugun\/wp-content\/uploads\/sites\/5\/2024\/01\/27.jpg\" \/>\n\t<meta property=\"og:image:width\" content=\"567\" \/>\n\t<meta property=\"og:image:height\" content=\"567\" \/>\n\t<meta property=\"og:image:type\" content=\"image\/jpeg\" \/>\n<meta name=\"twitter:card\" content=\"summary_large_image\" \/>\n<meta name=\"twitter:label1\" content=\"Tiempo de lectura\" \/>\n\t<meta name=\"twitter:data1\" content=\"1 minuto\" \/>\n<script type=\"application\/ld+json\" class=\"yoast-schema-graph\">{\"@context\":\"https:\/\/schema.org\",\"@graph\":[{\"@type\":\"WebPage\",\"@id\":\"https:\/\/digilago.es\/mugun\/producto\/clio-kill-cover-fixer-cushion\/\",\"url\":\"https:\/\/digilago.es\/mugun\/producto\/clio-kill-cover-fixer-cushion\/\",\"name\":\"CLIO \u2013 Kill Cover Fixer Cushion - MERAKI\",\"isPartOf\":{\"@id\":\"https:\/\/digilago.es\/mugun\/#website\"},\"primaryImageOfPage\":{\"@id\":\"https:\/\/digilago.es\/mugun\/producto\/clio-kill-cover-fixer-cushion\/#primaryimage\"},\"image\":{\"@id\":\"https:\/\/digilago.es\/mugun\/producto\/clio-kill-cover-fixer-cushion\/#primaryimage\"},\"thumbnailUrl\":\"https:\/\/digilago.es\/mugun\/wp-content\/uploads\/sites\/5\/2024\/01\/27.jpg\",\"datePublished\":\"2024-01-06T00:31:13+00:00\",\"dateModified\":\"2024-01-09T04:34:55+00:00\",\"breadcrumb\":{\"@id\":\"https:\/\/digilago.es\/mugun\/producto\/clio-kill-cover-fixer-cushion\/#breadcrumb\"},\"inLanguage\":\"es\",\"potentialAction\":[{\"@type\":\"ReadAction\",\"target\":[\"https:\/\/digilago.es\/mugun\/producto\/clio-kill-cover-fixer-cushion\/\"]}]},{\"@type\":\"ImageObject\",\"inLanguage\":\"es\",\"@id\":\"https:\/\/digilago.es\/mugun\/producto\/clio-kill-cover-fixer-cushion\/#primaryimage\",\"url\":\"https:\/\/digilago.es\/mugun\/wp-content\/uploads\/sites\/5\/2024\/01\/27.jpg\",\"contentUrl\":\"https:\/\/digilago.es\/mugun\/wp-content\/uploads\/sites\/5\/2024\/01\/27.jpg\",\"width\":567,\"height\":567},{\"@type\":\"BreadcrumbList\",\"@id\":\"https:\/\/digilago.es\/mugun\/producto\/clio-kill-cover-fixer-cushion\/#breadcrumb\",\"itemListElement\":[{\"@type\":\"ListItem\",\"position\":1,\"name\":\"Portada\",\"item\":\"https:\/\/digilago.es\/mugun\/\"},{\"@type\":\"ListItem\",\"position\":2,\"name\":\"Todos los productos\",\"item\":\"https:\/\/digilago.es\/mugun\/shop\/\"},{\"@type\":\"ListItem\",\"position\":3,\"name\":\"CLIO \u2013 Kill Cover Fixer Cushion\"}]},{\"@type\":\"WebSite\",\"@id\":\"https:\/\/digilago.es\/mugun\/#website\",\"url\":\"https:\/\/digilago.es\/mugun\/\",\"name\":\"MERAKI\",\"description\":\"Otro sitio m\u00e1s de DIGILAGO proyectos de negocio alumnos\",\"publisher\":{\"@id\":\"https:\/\/digilago.es\/mugun\/#organization\"},\"potentialAction\":[{\"@type\":\"SearchAction\",\"target\":{\"@type\":\"EntryPoint\",\"urlTemplate\":\"https:\/\/digilago.es\/mugun\/?s={search_term_string}\"},\"query-input\":{\"@type\":\"PropertyValueSpecification\",\"valueRequired\":true,\"valueName\":\"search_term_string\"}}],\"inLanguage\":\"es\"},{\"@type\":\"Organization\",\"@id\":\"https:\/\/digilago.es\/mugun\/#organization\",\"name\":\"MERAKI\",\"url\":\"https:\/\/digilago.es\/mugun\/\",\"logo\":{\"@type\":\"ImageObject\",\"inLanguage\":\"es\",\"@id\":\"https:\/\/digilago.es\/mugun\/#\/schema\/logo\/image\/\",\"url\":\"https:\/\/digilago.es\/mugun\/wp-content\/uploads\/sites\/5\/2024\/01\/cropped-cropped-Logo-blanco-sin-nombre.png\",\"contentUrl\":\"https:\/\/digilago.es\/mugun\/wp-content\/uploads\/sites\/5\/2024\/01\/cropped-cropped-Logo-blanco-sin-nombre.png\",\"width\":184,\"height\":166,\"caption\":\"MERAKI\"},\"image\":{\"@id\":\"https:\/\/digilago.es\/mugun\/#\/schema\/logo\/image\/\"}}]}<\/script>\n<!-- \/ Yoast SEO plugin. -->","yoast_head_json":{"title":"CLIO \u2013 Kill Cover Fixer Cushion - MERAKI","robots":{"index":"index","follow":"follow","max-snippet":"max-snippet:-1","max-image-preview":"max-image-preview:large","max-video-preview":"max-video-preview:-1"},"canonical":"https:\/\/digilago.es\/mugun\/producto\/clio-kill-cover-fixer-cushion\/","og_locale":"es_ES","og_type":"article","og_title":"CLIO \u2013 Kill Cover Fixer Cushion - MERAKI","og_description":"Esta base es conocida por su cobertura alta y duradera, dise\u00f1ada para cubrir imperfecciones de la piel, como manchas, poros visibles tonos desiguales.  Contenido: 15 gr","og_url":"https:\/\/digilago.es\/mugun\/producto\/clio-kill-cover-fixer-cushion\/","og_site_name":"MERAKI","article_modified_time":"2024-01-09T04:34:55+00:00","og_image":[{"width":567,"height":567,"url":"https:\/\/digilago.es\/mugun\/wp-content\/uploads\/sites\/5\/2024\/01\/27.jpg","type":"image\/jpeg"}],"twitter_card":"summary_large_image","twitter_misc":{"Tiempo de lectura":"1 minuto"},"schema":{"@context":"https:\/\/schema.org","@graph":[{"@type":"WebPage","@id":"https:\/\/digilago.es\/mugun\/producto\/clio-kill-cover-fixer-cushion\/","url":"https:\/\/digilago.es\/mugun\/producto\/clio-kill-cover-fixer-cushion\/","name":"CLIO \u2013 Kill Cover Fixer Cushion - MERAKI","isPartOf":{"@id":"https:\/\/digilago.es\/mugun\/#website"},"primaryImageOfPage":{"@id":"https:\/\/digilago.es\/mugun\/producto\/clio-kill-cover-fixer-cushion\/#primaryimage"},"image":{"@id":"https:\/\/digilago.es\/mugun\/producto\/clio-kill-cover-fixer-cushion\/#primaryimage"},"thumbnailUrl":"https:\/\/digilago.es\/mugun\/wp-content\/uploads\/sites\/5\/2024\/01\/27.jpg","datePublished":"2024-01-06T00:31:13+00:00","dateModified":"2024-01-09T04:34:55+00:00","breadcrumb":{"@id":"https:\/\/digilago.es\/mugun\/producto\/clio-kill-cover-fixer-cushion\/#breadcrumb"},"inLanguage":"es","potentialAction":[{"@type":"ReadAction","target":["https:\/\/digilago.es\/mugun\/producto\/clio-kill-cover-fixer-cushion\/"]}]},{"@type":"ImageObject","inLanguage":"es","@id":"https:\/\/digilago.es\/mugun\/producto\/clio-kill-cover-fixer-cushion\/#primaryimage","url":"https:\/\/digilago.es\/mugun\/wp-content\/uploads\/sites\/5\/2024\/01\/27.jpg","contentUrl":"https:\/\/digilago.es\/mugun\/wp-content\/uploads\/sites\/5\/2024\/01\/27.jpg","width":567,"height":567},{"@type":"BreadcrumbList","@id":"https:\/\/digilago.es\/mugun\/producto\/clio-kill-cover-fixer-cushion\/#breadcrumb","itemListElement":[{"@type":"ListItem","position":1,"name":"Portada","item":"https:\/\/digilago.es\/mugun\/"},{"@type":"ListItem","position":2,"name":"Todos los productos","item":"https:\/\/digilago.es\/mugun\/shop\/"},{"@type":"ListItem","position":3,"name":"CLIO \u2013 Kill Cover Fixer Cushion"}]},{"@type":"WebSite","@id":"https:\/\/digilago.es\/mugun\/#website","url":"https:\/\/digilago.es\/mugun\/","name":"MERAKI","description":"Otro sitio m\u00e1s de DIGILAGO proyectos de negocio alumnos","publisher":{"@id":"https:\/\/digilago.es\/mugun\/#organization"},"potentialAction":[{"@type":"SearchAction","target":{"@type":"EntryPoint","urlTemplate":"https:\/\/digilago.es\/mugun\/?s={search_term_string}"},"query-input":{"@type":"PropertyValueSpecification","valueRequired":true,"valueName":"search_term_string"}}],"inLanguage":"es"},{"@type":"Organization","@id":"https:\/\/digilago.es\/mugun\/#organization","name":"MERAKI","url":"https:\/\/digilago.es\/mugun\/","logo":{"@type":"ImageObject","inLanguage":"es","@id":"https:\/\/digilago.es\/mugun\/#\/schema\/logo\/image\/","url":"https:\/\/digilago.es\/mugun\/wp-content\/uploads\/sites\/5\/2024\/01\/cropped-cropped-Logo-blanco-sin-nombre.png","contentUrl":"https:\/\/digilago.es\/mugun\/wp-content\/uploads\/sites\/5\/2024\/01\/cropped-cropped-Logo-blanco-sin-nombre.png","width":184,"height":166,"caption":"MERAKI"},"image":{"@id":"https:\/\/digilago.es\/mugun\/#\/schema\/logo\/image\/"}}]}},"_links":{"self":[{"href":"https:\/\/digilago.es\/mugun\/wp-json\/wp\/v2\/product\/5307","targetHints":{"allow":["GET"]}}],"collection":[{"href":"https:\/\/digilago.es\/mugun\/wp-json\/wp\/v2\/product"}],"about":[{"href":"https:\/\/digilago.es\/mugun\/wp-json\/wp\/v2\/types\/product"}],"replies":[{"embeddable":true,"href":"https:\/\/digilago.es\/mugun\/wp-json\/wp\/v2\/comments?post=5307"}],"wp:featuredmedia":[{"embeddable":true,"href":"https:\/\/digilago.es\/mugun\/wp-json\/wp\/v2\/media\/5628"}],"wp:attachment":[{"href":"https:\/\/digilago.es\/mugun\/wp-json\/wp\/v2\/media?parent=5307"}],"wp:term":[{"taxonomy":"product_brand","embeddable":true,"href":"https:\/\/digilago.es\/mugun\/wp-json\/wp\/v2\/product_brand?post=5307"},{"taxonomy":"product_cat","embeddable":true,"href":"https:\/\/digilago.es\/mugun\/wp-json\/wp\/v2\/product_cat?post=5307"},{"taxonomy":"product_tag","embeddable":true,"href":"https:\/\/digilago.es\/mugun\/wp-json\/wp\/v2\/product_tag?post=5307"}],"curies":[{"name":"wp","href":"https:\/\/api.w.org\/{rel}","templated":true}]}}