{"id":5093,"date":"2024-01-05T07:18:24","date_gmt":"2024-01-05T07:18:24","guid":{"rendered":"https:\/\/digilago.es\/mugun\/?post_type=product&#038;p=5093"},"modified":"2024-01-09T04:43:48","modified_gmt":"2024-01-09T04:43:48","slug":"missha-m-perfect-cover-b-b-cream-ex-spf42-pa","status":"publish","type":"product","link":"https:\/\/digilago.es\/mugun\/producto\/missha-m-perfect-cover-b-b-cream-ex-spf42-pa\/","title":{"rendered":"MISSHA &#8211; M Perfect Cover B.B Cream EX SPF42\/PA+++"},"content":{"rendered":"<p><strong><u>C\u00f3mo aplicar:<\/u><\/strong><\/p>\n<p>Utiliza la cantidad necesaria para que quede de forma uniforme en el rostro y distrib\u00fayela de forma uniforme por todo el rostro con la yema de los dedos. Tambi\u00e9n puedes utilizar una esponja para maquillaje si te resulta m\u00e1s c\u00f3modo. Lo puedes aplicar una vez m\u00e1s en aquellas zonas de la piel que presenten imperfecciones, para conseguir un mejor acabado.<\/p>\n<p><strong><u>Beneficios:<\/u><\/strong><\/p>\n<ul>\n<li>Cubre imperfecciones con una eficacia absoluta al tiempo que la piel muestra un aspecto natural y espl\u00e9ndido.<\/li>\n<li>Contiene extractos de romero y manzanilla que proporcionan un efecto calmante.<\/li>\n<li>\u00c1cido hialur\u00f3nico y ceramidas que aportan hidrataci\u00f3n y evitan la p\u00e9rdida de humedad.<\/li>\n<li>Esta BB Crema 3-en-1 previene el envejecimiento cut\u00e1neo, aporta luminosidad y combate las arrugas.<\/li>\n<\/ul>\n<p><strong><u>Ingredientes:<\/u><\/strong><\/p>\n<p>WATER (AQUA), CYCLOPENTASILOXANE, ETHYLHEXYL METHOXYCINNAMATE, ZINC OXIDE, PROPYLENE GLYCOL, TITANIUM DIOXIDE (CI 77891), CAPRYLIC\/CAPRIC TRIGLYCERIDE, PEG-10 DIMETHICONE, GLYCERIN, CETYL PEG\/PPG-10\/1 DIMETHICONE, ARBUTIN, MINERAL OIL, POLYETHYLENE, TALC, PHENYL TRIMETHICONE, BEESWAX (CERA ALBA), IRON OXIDES (CI 77492), SODIUM CHLORIDE, IRON OXIDES (CI 77499), IRON OXIDES (CI 77491), METHYLPARABEN, DIMETHICONE, PROPYLPARABEN, ROSA CANINA FRUIT OIL, SQUALANE, MACADAMIA TERNIFOLIA SEED OIL, SIMMONDSIA CHINENSIS (JOJOBA) SEED OIL, DISODIUM EDTA, ADENOSINE, BUTYLENE GLYCOL,CERAMIDE NP, FAGUS SYLVATICA BUD EXTRACT, HYDROLYZED COLLAGEN, CHAMOMILLA RECUTITA (MATRICARIA) FLOWER EXTRACT, HIZIKIA FUSIFORME EXTRACT, LAMINARIA JAPONICA EXTRACT,ROSMARINUS OFFICINALIS (ROSEMARY) LEAF EXTRACT, CAPRYLYL GLYCOL, BENZYL ALCOHOL, 1,2-HEXANEDIOL, CAPRYLHYDROXAMIC ACID, SODIUM HYALURONATE, PHENOXYETHANOL,BENZOIC ACID, TROPOLONE, FRAGRANCE (PARFUM), ALPHA-ISOMETHYL IONONE, BENZYL SALICYLATE, CITRONELLOL, LIMONENE, HEXYL CINNAMAL, HYDROXYCITRONELLAL, LINALOOL.<\/p>\n","protected":false},"excerpt":{"rendered":"<p>Aqu\u00ed tenemos el maquillaje coreano m\u00e1s vendido de la marca Missha, que aporta luminosidad y una amplia cobertura. Contiene un tratamiento intensivo de hidrataci\u00f3n, nutritivo y aporta tambi\u00e9n tratamiento antiedad. Cubre imperfecciones, rojeces, manchas y marcas de acn\u00e9.<\/p>\n<p>Contiene: 50 ml<\/p>\n","protected":false},"featured_media":5644,"comment_status":"open","ping_status":"closed","template":"","meta":{"site-sidebar-layout":"default","site-content-layout":"","ast-site-content-layout":"default","site-content-style":"default","site-sidebar-style":"default","ast-global-header-display":"","ast-banner-title-visibility":"","ast-main-header-display":"","ast-hfb-above-header-display":"","ast-hfb-below-header-display":"","ast-hfb-mobile-header-display":"","site-post-title":"","ast-breadcrumbs-content":"","ast-featured-img":"","footer-sml-layout":"","ast-disable-related-posts":"","theme-transparent-header-meta":"default","adv-header-id-meta":"","stick-header-meta":"","header-above-stick-meta":"","header-main-stick-meta":"","header-below-stick-meta":"","astra-migrate-meta-layouts":"set","ast-page-background-enabled":"default","ast-page-background-meta":{"desktop":{"background-color":"var(--ast-global-color-4)","background-image":"","background-repeat":"repeat","background-position":"center center","background-size":"auto","background-attachment":"scroll","background-type":"","background-media":"","overlay-type":"","overlay-color":"","overlay-opacity":"","overlay-gradient":""},"tablet":{"background-color":"","background-image":"","background-repeat":"repeat","background-position":"center center","background-size":"auto","background-attachment":"scroll","background-type":"","background-media":"","overlay-type":"","overlay-color":"","overlay-opacity":"","overlay-gradient":""},"mobile":{"background-color":"","background-image":"","background-repeat":"repeat","background-position":"center center","background-size":"auto","background-attachment":"scroll","background-type":"","background-media":"","overlay-type":"","overlay-color":"","overlay-opacity":"","overlay-gradient":""}},"ast-content-background-meta":{"desktop":{"background-color":"var(--ast-global-color-5)","background-image":"","background-repeat":"repeat","background-position":"center center","background-size":"auto","background-attachment":"scroll","background-type":"","background-media":"","overlay-type":"","overlay-color":"","overlay-opacity":"","overlay-gradient":""},"tablet":{"background-color":"var(--ast-global-color-5)","background-image":"","background-repeat":"repeat","background-position":"center center","background-size":"auto","background-attachment":"scroll","background-type":"","background-media":"","overlay-type":"","overlay-color":"","overlay-opacity":"","overlay-gradient":""},"mobile":{"background-color":"var(--ast-global-color-5)","background-image":"","background-repeat":"repeat","background-position":"center center","background-size":"auto","background-attachment":"scroll","background-type":"","background-media":"","overlay-type":"","overlay-color":"","overlay-opacity":"","overlay-gradient":""}}},"product_brand":[],"product_cat":[118,115,114,100,94,45,47,61,42,31,33],"product_tag":[],"class_list":{"0":"post-5093","1":"product","2":"type-product","3":"status-publish","4":"has-post-thumbnail","6":"product_cat-bb-cushion","7":"product_cat-glow","8":"product_cat-mate","9":"product_cat-missha","10":"product_cat-rostro","11":"product_cat-piel-con-acne","12":"product_cat-piel-grasa","13":"product_cat-piel-mixta","14":"product_cat-piel-seca","15":"product_cat-sensible","16":"product_cat-todo-tipo-de-piel","17":"desktop-align-center","18":"tablet-align-left","19":"mobile-align-left","21":"first","22":"instock","23":"shipping-taxable","24":"purchasable","25":"product-type-variable"},"yoast_head":"<!-- This site is optimized with the Yoast SEO plugin v26.8 - https:\/\/yoast.com\/product\/yoast-seo-wordpress\/ -->\n<title>MISSHA - M Perfect Cover B.B Cream EX SPF42\/PA+++ - MERAKI<\/title>\n<meta name=\"robots\" content=\"index, follow, max-snippet:-1, max-image-preview:large, max-video-preview:-1\" \/>\n<link rel=\"canonical\" href=\"https:\/\/digilago.es\/mugun\/producto\/missha-m-perfect-cover-b-b-cream-ex-spf42-pa\/\" \/>\n<meta property=\"og:locale\" content=\"es_ES\" \/>\n<meta property=\"og:type\" content=\"article\" \/>\n<meta property=\"og:title\" content=\"MISSHA - M Perfect Cover B.B Cream EX SPF42\/PA+++ - MERAKI\" \/>\n<meta property=\"og:description\" content=\"Aqu\u00ed tenemos el maquillaje coreano m\u00e1s vendido de la marca Missha, que aporta luminosidad y una amplia cobertura. Contiene un tratamiento intensivo de hidrataci\u00f3n, nutritivo y aporta tambi\u00e9n tratamiento antiedad. Cubre imperfecciones, rojeces, manchas y marcas de acn\u00e9.  Contiene: 50 ml\" \/>\n<meta property=\"og:url\" content=\"https:\/\/digilago.es\/mugun\/producto\/missha-m-perfect-cover-b-b-cream-ex-spf42-pa\/\" \/>\n<meta property=\"og:site_name\" content=\"MERAKI\" \/>\n<meta property=\"article:modified_time\" content=\"2024-01-09T04:43:48+00:00\" \/>\n<meta property=\"og:image\" content=\"https:\/\/digilago.es\/mugun\/wp-content\/uploads\/sites\/5\/2024\/01\/41.jpg\" \/>\n\t<meta property=\"og:image:width\" content=\"445\" \/>\n\t<meta property=\"og:image:height\" content=\"445\" \/>\n\t<meta property=\"og:image:type\" content=\"image\/jpeg\" \/>\n<meta name=\"twitter:card\" content=\"summary_large_image\" \/>\n<meta name=\"twitter:label1\" content=\"Tiempo de lectura\" \/>\n\t<meta name=\"twitter:data1\" content=\"2 minutos\" \/>\n<script type=\"application\/ld+json\" class=\"yoast-schema-graph\">{\"@context\":\"https:\/\/schema.org\",\"@graph\":[{\"@type\":\"WebPage\",\"@id\":\"https:\/\/digilago.es\/mugun\/producto\/missha-m-perfect-cover-b-b-cream-ex-spf42-pa\/\",\"url\":\"https:\/\/digilago.es\/mugun\/producto\/missha-m-perfect-cover-b-b-cream-ex-spf42-pa\/\",\"name\":\"MISSHA - M Perfect Cover B.B Cream EX SPF42\/PA+++ - MERAKI\",\"isPartOf\":{\"@id\":\"https:\/\/digilago.es\/mugun\/#website\"},\"primaryImageOfPage\":{\"@id\":\"https:\/\/digilago.es\/mugun\/producto\/missha-m-perfect-cover-b-b-cream-ex-spf42-pa\/#primaryimage\"},\"image\":{\"@id\":\"https:\/\/digilago.es\/mugun\/producto\/missha-m-perfect-cover-b-b-cream-ex-spf42-pa\/#primaryimage\"},\"thumbnailUrl\":\"https:\/\/digilago.es\/mugun\/wp-content\/uploads\/sites\/5\/2024\/01\/41.jpg\",\"datePublished\":\"2024-01-05T07:18:24+00:00\",\"dateModified\":\"2024-01-09T04:43:48+00:00\",\"breadcrumb\":{\"@id\":\"https:\/\/digilago.es\/mugun\/producto\/missha-m-perfect-cover-b-b-cream-ex-spf42-pa\/#breadcrumb\"},\"inLanguage\":\"es\",\"potentialAction\":[{\"@type\":\"ReadAction\",\"target\":[\"https:\/\/digilago.es\/mugun\/producto\/missha-m-perfect-cover-b-b-cream-ex-spf42-pa\/\"]}]},{\"@type\":\"ImageObject\",\"inLanguage\":\"es\",\"@id\":\"https:\/\/digilago.es\/mugun\/producto\/missha-m-perfect-cover-b-b-cream-ex-spf42-pa\/#primaryimage\",\"url\":\"https:\/\/digilago.es\/mugun\/wp-content\/uploads\/sites\/5\/2024\/01\/41.jpg\",\"contentUrl\":\"https:\/\/digilago.es\/mugun\/wp-content\/uploads\/sites\/5\/2024\/01\/41.jpg\",\"width\":445,\"height\":445},{\"@type\":\"BreadcrumbList\",\"@id\":\"https:\/\/digilago.es\/mugun\/producto\/missha-m-perfect-cover-b-b-cream-ex-spf42-pa\/#breadcrumb\",\"itemListElement\":[{\"@type\":\"ListItem\",\"position\":1,\"name\":\"Portada\",\"item\":\"https:\/\/digilago.es\/mugun\/\"},{\"@type\":\"ListItem\",\"position\":2,\"name\":\"Todos los productos\",\"item\":\"https:\/\/digilago.es\/mugun\/shop\/\"},{\"@type\":\"ListItem\",\"position\":3,\"name\":\"MISSHA &#8211; M Perfect Cover B.B Cream EX SPF42\/PA+++\"}]},{\"@type\":\"WebSite\",\"@id\":\"https:\/\/digilago.es\/mugun\/#website\",\"url\":\"https:\/\/digilago.es\/mugun\/\",\"name\":\"MERAKI\",\"description\":\"Otro sitio m\u00e1s de DIGILAGO proyectos de negocio alumnos\",\"publisher\":{\"@id\":\"https:\/\/digilago.es\/mugun\/#organization\"},\"potentialAction\":[{\"@type\":\"SearchAction\",\"target\":{\"@type\":\"EntryPoint\",\"urlTemplate\":\"https:\/\/digilago.es\/mugun\/?s={search_term_string}\"},\"query-input\":{\"@type\":\"PropertyValueSpecification\",\"valueRequired\":true,\"valueName\":\"search_term_string\"}}],\"inLanguage\":\"es\"},{\"@type\":\"Organization\",\"@id\":\"https:\/\/digilago.es\/mugun\/#organization\",\"name\":\"MERAKI\",\"url\":\"https:\/\/digilago.es\/mugun\/\",\"logo\":{\"@type\":\"ImageObject\",\"inLanguage\":\"es\",\"@id\":\"https:\/\/digilago.es\/mugun\/#\/schema\/logo\/image\/\",\"url\":\"https:\/\/digilago.es\/mugun\/wp-content\/uploads\/sites\/5\/2024\/01\/cropped-cropped-Logo-blanco-sin-nombre.png\",\"contentUrl\":\"https:\/\/digilago.es\/mugun\/wp-content\/uploads\/sites\/5\/2024\/01\/cropped-cropped-Logo-blanco-sin-nombre.png\",\"width\":184,\"height\":166,\"caption\":\"MERAKI\"},\"image\":{\"@id\":\"https:\/\/digilago.es\/mugun\/#\/schema\/logo\/image\/\"}}]}<\/script>\n<!-- \/ Yoast SEO plugin. -->","yoast_head_json":{"title":"MISSHA - M Perfect Cover B.B Cream EX SPF42\/PA+++ - MERAKI","robots":{"index":"index","follow":"follow","max-snippet":"max-snippet:-1","max-image-preview":"max-image-preview:large","max-video-preview":"max-video-preview:-1"},"canonical":"https:\/\/digilago.es\/mugun\/producto\/missha-m-perfect-cover-b-b-cream-ex-spf42-pa\/","og_locale":"es_ES","og_type":"article","og_title":"MISSHA - M Perfect Cover B.B Cream EX SPF42\/PA+++ - MERAKI","og_description":"Aqu\u00ed tenemos el maquillaje coreano m\u00e1s vendido de la marca Missha, que aporta luminosidad y una amplia cobertura. Contiene un tratamiento intensivo de hidrataci\u00f3n, nutritivo y aporta tambi\u00e9n tratamiento antiedad. Cubre imperfecciones, rojeces, manchas y marcas de acn\u00e9.  Contiene: 50 ml","og_url":"https:\/\/digilago.es\/mugun\/producto\/missha-m-perfect-cover-b-b-cream-ex-spf42-pa\/","og_site_name":"MERAKI","article_modified_time":"2024-01-09T04:43:48+00:00","og_image":[{"width":445,"height":445,"url":"https:\/\/digilago.es\/mugun\/wp-content\/uploads\/sites\/5\/2024\/01\/41.jpg","type":"image\/jpeg"}],"twitter_card":"summary_large_image","twitter_misc":{"Tiempo de lectura":"2 minutos"},"schema":{"@context":"https:\/\/schema.org","@graph":[{"@type":"WebPage","@id":"https:\/\/digilago.es\/mugun\/producto\/missha-m-perfect-cover-b-b-cream-ex-spf42-pa\/","url":"https:\/\/digilago.es\/mugun\/producto\/missha-m-perfect-cover-b-b-cream-ex-spf42-pa\/","name":"MISSHA - M Perfect Cover B.B Cream EX SPF42\/PA+++ - MERAKI","isPartOf":{"@id":"https:\/\/digilago.es\/mugun\/#website"},"primaryImageOfPage":{"@id":"https:\/\/digilago.es\/mugun\/producto\/missha-m-perfect-cover-b-b-cream-ex-spf42-pa\/#primaryimage"},"image":{"@id":"https:\/\/digilago.es\/mugun\/producto\/missha-m-perfect-cover-b-b-cream-ex-spf42-pa\/#primaryimage"},"thumbnailUrl":"https:\/\/digilago.es\/mugun\/wp-content\/uploads\/sites\/5\/2024\/01\/41.jpg","datePublished":"2024-01-05T07:18:24+00:00","dateModified":"2024-01-09T04:43:48+00:00","breadcrumb":{"@id":"https:\/\/digilago.es\/mugun\/producto\/missha-m-perfect-cover-b-b-cream-ex-spf42-pa\/#breadcrumb"},"inLanguage":"es","potentialAction":[{"@type":"ReadAction","target":["https:\/\/digilago.es\/mugun\/producto\/missha-m-perfect-cover-b-b-cream-ex-spf42-pa\/"]}]},{"@type":"ImageObject","inLanguage":"es","@id":"https:\/\/digilago.es\/mugun\/producto\/missha-m-perfect-cover-b-b-cream-ex-spf42-pa\/#primaryimage","url":"https:\/\/digilago.es\/mugun\/wp-content\/uploads\/sites\/5\/2024\/01\/41.jpg","contentUrl":"https:\/\/digilago.es\/mugun\/wp-content\/uploads\/sites\/5\/2024\/01\/41.jpg","width":445,"height":445},{"@type":"BreadcrumbList","@id":"https:\/\/digilago.es\/mugun\/producto\/missha-m-perfect-cover-b-b-cream-ex-spf42-pa\/#breadcrumb","itemListElement":[{"@type":"ListItem","position":1,"name":"Portada","item":"https:\/\/digilago.es\/mugun\/"},{"@type":"ListItem","position":2,"name":"Todos los productos","item":"https:\/\/digilago.es\/mugun\/shop\/"},{"@type":"ListItem","position":3,"name":"MISSHA &#8211; M Perfect Cover B.B Cream EX SPF42\/PA+++"}]},{"@type":"WebSite","@id":"https:\/\/digilago.es\/mugun\/#website","url":"https:\/\/digilago.es\/mugun\/","name":"MERAKI","description":"Otro sitio m\u00e1s de DIGILAGO proyectos de negocio alumnos","publisher":{"@id":"https:\/\/digilago.es\/mugun\/#organization"},"potentialAction":[{"@type":"SearchAction","target":{"@type":"EntryPoint","urlTemplate":"https:\/\/digilago.es\/mugun\/?s={search_term_string}"},"query-input":{"@type":"PropertyValueSpecification","valueRequired":true,"valueName":"search_term_string"}}],"inLanguage":"es"},{"@type":"Organization","@id":"https:\/\/digilago.es\/mugun\/#organization","name":"MERAKI","url":"https:\/\/digilago.es\/mugun\/","logo":{"@type":"ImageObject","inLanguage":"es","@id":"https:\/\/digilago.es\/mugun\/#\/schema\/logo\/image\/","url":"https:\/\/digilago.es\/mugun\/wp-content\/uploads\/sites\/5\/2024\/01\/cropped-cropped-Logo-blanco-sin-nombre.png","contentUrl":"https:\/\/digilago.es\/mugun\/wp-content\/uploads\/sites\/5\/2024\/01\/cropped-cropped-Logo-blanco-sin-nombre.png","width":184,"height":166,"caption":"MERAKI"},"image":{"@id":"https:\/\/digilago.es\/mugun\/#\/schema\/logo\/image\/"}}]}},"_links":{"self":[{"href":"https:\/\/digilago.es\/mugun\/wp-json\/wp\/v2\/product\/5093","targetHints":{"allow":["GET"]}}],"collection":[{"href":"https:\/\/digilago.es\/mugun\/wp-json\/wp\/v2\/product"}],"about":[{"href":"https:\/\/digilago.es\/mugun\/wp-json\/wp\/v2\/types\/product"}],"replies":[{"embeddable":true,"href":"https:\/\/digilago.es\/mugun\/wp-json\/wp\/v2\/comments?post=5093"}],"wp:featuredmedia":[{"embeddable":true,"href":"https:\/\/digilago.es\/mugun\/wp-json\/wp\/v2\/media\/5644"}],"wp:attachment":[{"href":"https:\/\/digilago.es\/mugun\/wp-json\/wp\/v2\/media?parent=5093"}],"wp:term":[{"taxonomy":"product_brand","embeddable":true,"href":"https:\/\/digilago.es\/mugun\/wp-json\/wp\/v2\/product_brand?post=5093"},{"taxonomy":"product_cat","embeddable":true,"href":"https:\/\/digilago.es\/mugun\/wp-json\/wp\/v2\/product_cat?post=5093"},{"taxonomy":"product_tag","embeddable":true,"href":"https:\/\/digilago.es\/mugun\/wp-json\/wp\/v2\/product_tag?post=5093"}],"curies":[{"name":"wp","href":"https:\/\/api.w.org\/{rel}","templated":true}]}}