{"id":4548,"date":"2022-05-28T18:27:01","date_gmt":"2022-05-28T18:27:01","guid":{"rendered":"https:\/\/digilago.es\/mugun\/?post_type=product&#038;p=4548"},"modified":"2022-05-31T07:43:09","modified_gmt":"2022-05-31T07:43:09","slug":"innisfree-green-tea-pack","status":"publish","type":"product","link":"https:\/\/digilago.es\/mugun\/producto\/innisfree-green-tea-pack\/","title":{"rendered":"INNISFREE  Green Tea Pack"},"content":{"rendered":"<p><strong>Modo de uso:\u00a0<\/strong><\/p>\n<ul>\n<li><span style=\"font-weight: 400\"><b>Limpiador: Aplica<\/b>\u00a0el tama\u00f1o de una almendra de limpiador en los dedos y, con el rostro previamente humedecido, masaj\u00e9alo hasta que se forme una agradable espuma. Ret\u00edrala con abundante agua y disfruta de una piel limpia y libre de impurezas.<\/span><\/li>\n<li><span style=\"font-weight: 400\"><b>T\u00f3nico: <\/b>Extiende\u00a0una peque\u00f1a cantidad del t\u00f3nico en tus dedos y esp\u00e1rcelo sobre el rostro dando peque\u00f1os toquecitos. \u00a1Evita arrastrar el producto!<\/span><\/li>\n<li><span style=\"font-weight: 400\"><strong>S\u00e9rum<\/strong>: Vierte la cantidad de dos <\/span><i><span style=\"font-weight: 400\">pumps<\/span><\/i><span style=\"font-weight: 400\"> del s\u00e9rum sobre la palma de las manos y apl\u00edcala, a toquecitos, sobre el rostro, cuello y escote. Presiona bien las palmas para ayudar a que el producto penetre mejor y se absorba m\u00e1s r\u00e1pidamente.<\/span><\/li>\n<li><span style=\"font-weight: 400\"><b>Crema: <\/b>Extiende\u00a0la cantidad de crema suficiente para hidratar el rostro, cuello y escote. Masajea el producto con movimientos ascendentes hasta que se absorba. Espera un minuto a aplicar el siguiente producto.<\/span><\/li>\n<li><span style=\"font-weight: 400\"><strong style=\"font-weight: 400\">Mascarilla de\u00a0<\/strong><b>noche: <\/b>Antes\u00a0de irte a dormir, extiende una cantidad generosa de la mascarilla nocturna en todo el rostro. No te preocupes, \u00a1se absorbe enseguida!<\/span><\/li>\n<\/ul>\n<ol>\n<li><span style=\"font-weight: 400\"> Aceite limpiador<\/span><span style=\"font-weight: 400\"><br \/>\n<\/span><span style=\"font-weight: 400\">2. Limpiador a base de agua<\/span><span style=\"font-weight: 400\"><br \/>\n<\/span><span style=\"font-weight: 400\">3. Exfoliante<\/span><span style=\"font-weight: 400\"><br \/>\n<\/span><strong>4. T\u00f3nico<\/strong><span style=\"font-weight: 400\"><br \/>\n<\/span><span style=\"font-weight: 400\">5. Mascarilla<\/span><span style=\"font-weight: 400\"><br \/>\n<\/span><span style=\"font-weight: 400\">6. Esencia<\/span><span style=\"font-weight: 400\"><br \/>\n<\/span><strong>7. Serum<\/strong><span style=\"font-weight: 400\"><br \/>\n<\/span><span style=\"font-weight: 400\">8. Crema para ojos<\/span><span style=\"font-weight: 400\"><br \/>\n<\/span><b>9. Crema o loci\u00f3n<\/b><span style=\"font-weight: 400\"><br \/>\n<\/span><strong>10. Sleeping pack, protector solar, BB cream o almohadilla<\/strong><\/li>\n<\/ol>\n<p><strong>Ingredientes:<\/strong><\/p>\n<p><strong>LIMPIADOR<\/strong><\/p>\n<p><span style=\"font-weight: 400\">GLICERINA, EXTRACTO DE HOJA DE CAMELLIA SINENSIS (17,27 %), \u00c1CIDO MIR\u00cdSTICO, AGUA, \u00c1CIDO ESTE\u00c1RICO, PEG-32, HIDR\u00d3XIDO DE POTASIO, \u00c1CIDO PALM\u00cdTICO, \u00c1CIDO L\u00c1URICO, LAURIL GLUC\u00d3SIDO, PROPANODIOL, ESTEARATO DE GLICERILO, ESTEARATO DE PEG-100, AGUA DE HOJA DE CAMELLIA SINENSIS ( 65 PPM), EXTRACTO DE RA\u00cdZ DE CAMELLIA SINENSIS (1 PPM), POLYQUATERNIUM-7, 1,2-HEXANODIOL, EDTA DIS\u00d3DICO, ETILHEXILGLICERINA, BUTILENGLICOL, ETANOL, BENZOATO DE SODIO, FRAGANCIA<\/span><\/p>\n<p><strong>TONICO<\/strong><\/p>\n<p><span style=\"font-weight: 400\">WATER \/ AQUA \/ EAU, GLYCERIN, MYRISTIC ACID, STEARIC ACID, PEG-32, POTASSIUM HYDROXIDE, PALMITIC ACID, BUTYLENE GLYCOL, LAURIC ACID, COCAMIDOPROPYL BETAINE, GLYCERYL STEARATE, PEG-100 STEARATE, FRAGRANCE \/ PARFUM, TORREYA NUCIFERA SEED OIL, SODIUM CHLORIDE, SALICYLIC ACID, MENTHOL, LIMONENE, SODIUM HYDROXIDE, DISODIUM EDTA, SODIUM BENZOATE, LINALOOL, DEXTRIN, THEOBROMA CACAO (COCOA) EXTRACT, ROSA CENTIFOLIA FLOWER EXTRACT, LACTIC ACID<\/span><\/p>\n<p><strong>SERUM<\/strong><\/p>\n<p><span style=\"font-weight: 400\">WATER \/ AQUA \/ EAU, PROPANEDIOL, GLYCERIN, ALCOHOL DENAT., 1,2-HEXANEDIOL, TREHALOSE, NIACINAMIDE, BETAINE, SACCHARIDE ISOMERATE, CAMELLIA SINENSIS SEED OIL, CETEARYL OLIVATE, HYDROGENATED LECITHIN, SORBITAN OLIVATE, ACRYLATES\/C10-30 ALKYL ACRYLATE , ROSSPOLYMER, LACTOBACILLUS FERMENT LYSATE, BUTYLENE GLYCOL, SQUALANE, PANTHENOL, ALLANTOIN, HYDROXYETHYL ACRYLATE\/SODIUM ACRYLOYLDIMETHYL TAURATE COPOLYMER, TROMETHAMINE, CERATONIA SILIQUA (CAROB) GUM, ETHYLHEXYLGLYCERIN, DISODIUM EDTA, FRAGRANCE \/ PARFUM, DIPOTASSIUM GLYCYRRHIZATE, CAMELLIA SINENSIS LEAF EXTRACT, SODIUM HYALURONATE, HYALURONIC ACID, DEXTRIN, THEOBROMA CACAO (COCOA) EXTRACT, 3-O-ETHYL ASCORBIC ACID, SORBITAN ISOSTEARATE, SODIUM CITRATE, CITRIC ACID, POLOXAMER 235, SUCROSE, LACTIC ACID, EPIGALLOCATECHIN GALLATE, ETHOXYDIGLYCOL, TOCOPHERSOLAN, POLOXAMER 338, HYDROLYZED HYALURONIC ACID, SODIUM HYALURONATE CROSSPOLYMER, CAPRYLYL GLYCOL, SODIUM ACETYLATED HYALURONATE<\/span><\/p>\n<p><strong>CREMA<\/strong><\/p>\n<p><span style=\"font-weight: 400\">WATER \/ AQUA \/ EAU, PROPANEDIOL, GLYCERIN, METHYL TRIMETHICONE, STEARYL DIMETHICONE, BUTYLENE GLYCOL DICAPRYLATE\/DICAPRATE, PENTAERYTHRITYL TETRAETHYLHEXANOATE, CAMELLIA SINENSIS SEED OIL, POLYMETHYLSILSESQUIOXANE, GLYCERYL POLYMETHACRYLATE, 1,2-HEXANEDIOL, OCTADECENE, HYDROXYETHYL ACRYLATE\/SODIUM ACRYLOYLDIMETHYL TAURATE COPOLYMER, POLYGLYCERYL-3 METHYLGLUCOSE DISTEARATE, GLYCERYL STEARATE, HYDROGENATED LECITHIN, CHOLESTEROL, CARBOMER, FRAGRANCE \/ PARFUM, TROMETHAMINE, CETEARYL ALCOHOL, PANTHENOL, XANTHAN GUM, GLYCERYL CAPRYLATE, SODIUM STEAROYL GLUTAMATE, DISODIUM EDTA, ETHYLHEXYLGLYCERIN, SORBITAN ISOSTEARATE, CAMELLIA SINENSIS LEAF EXTRACT, SODIUM HYALURONATE, DEXTRIN, THEOBROMA CACAO (COCOA) EXTRACT, TOCOPHEROL<\/span><\/p>\n<p><strong>MASCARILLA DE NOCHE<\/strong><\/p>\n<p><span style=\"font-weight: 400\">WATER \/ AQUA \/ EAU, BUTYLENE GLYCOL, PROPANEDIOL, GLYCERIN, DIMETHICONE, BETAINE, TRISILOXANE, HYDROGENATED POLY(C6-14 OLEFIN), 1,2-HEXANEDIOL, AMMONIUM ACRYLOYLDIMETHYLTAURATE\/BEHENETH-25 METHACRYLATE CROSSPOLYMER, ACRYLATES\/C10-30 ALKYL ACRYLATE CROSSPOLYMER, GLYCERYL CAPRYLATE, FRAGRANCE \/ PARFUM, TREHALOSE, ETHYLHEXYLGLYCERIN, DISODIUM EDTA, CAMELLIA SINENSIS LEAF EXTRACT, LACTOBACILLUS FERMENT LYSATE<\/span><\/p>\n","protected":false},"excerpt":{"rendered":"<p><span style=\"font-weight: 400\">El set perfecto para los para las pieles sensibles, que buscan hidrataci\u00f3n, luminosidad y <\/span><span style=\"font-weight: 400\">\u00a0<\/span><span style=\"font-weight: 400\">una piel suave y limpia gracias a estos productos org\u00e1nicos y naturales pensados para <\/span><span style=\"font-weight: 400\">\u00a0<\/span><span style=\"font-weight: 400\">los amantes del T\u00e9 verde y sus propiedades.<\/span><span style=\"font-weight: 400\">\u00a0<\/span><\/p>\n","protected":false},"featured_media":4550,"comment_status":"open","ping_status":"closed","template":"","meta":{"site-sidebar-layout":"default","site-content-layout":"default","ast-site-content-layout":"default","site-content-style":"default","site-sidebar-style":"default","ast-global-header-display":"","ast-banner-title-visibility":"","ast-main-header-display":"","ast-hfb-above-header-display":"","ast-hfb-below-header-display":"","ast-hfb-mobile-header-display":"","site-post-title":"","ast-breadcrumbs-content":"","ast-featured-img":"","footer-sml-layout":"","ast-disable-related-posts":"","theme-transparent-header-meta":"default","adv-header-id-meta":"","stick-header-meta":"","header-above-stick-meta":"","header-main-stick-meta":"","header-below-stick-meta":"","astra-migrate-meta-layouts":"default","ast-page-background-enabled":"default","ast-page-background-meta":{"desktop":{"background-color":"var(--ast-global-color-4)","background-image":"","background-repeat":"repeat","background-position":"center center","background-size":"auto","background-attachment":"scroll","background-type":"","background-media":"","overlay-type":"","overlay-color":"","overlay-opacity":"","overlay-gradient":""},"tablet":{"background-color":"","background-image":"","background-repeat":"repeat","background-position":"center center","background-size":"auto","background-attachment":"scroll","background-type":"","background-media":"","overlay-type":"","overlay-color":"","overlay-opacity":"","overlay-gradient":""},"mobile":{"background-color":"","background-image":"","background-repeat":"repeat","background-position":"center center","background-size":"auto","background-attachment":"scroll","background-type":"","background-media":"","overlay-type":"","overlay-color":"","overlay-opacity":"","overlay-gradient":""}},"ast-content-background-meta":{"desktop":{"background-color":"var(--ast-global-color-5)","background-image":"","background-repeat":"repeat","background-position":"center center","background-size":"auto","background-attachment":"scroll","background-type":"","background-media":"","overlay-type":"","overlay-color":"","overlay-opacity":"","overlay-gradient":""},"tablet":{"background-color":"var(--ast-global-color-5)","background-image":"","background-repeat":"repeat","background-position":"center center","background-size":"auto","background-attachment":"scroll","background-type":"","background-media":"","overlay-type":"","overlay-color":"","overlay-opacity":"","overlay-gradient":""},"mobile":{"background-color":"var(--ast-global-color-5)","background-image":"","background-repeat":"repeat","background-position":"center center","background-size":"auto","background-attachment":"scroll","background-type":"","background-media":"","overlay-type":"","overlay-color":"","overlay-opacity":"","overlay-gradient":""}}},"product_brand":[],"product_cat":[55,44,29,45,47,61],"product_tag":[],"class_list":{"0":"post-4548","1":"product","2":"type-product","3":"status-publish","4":"has-post-thumbnail","6":"product_cat-innisfree","7":"product_cat-pack","8":"product_cat-pieles","9":"product_cat-piel-con-acne","10":"product_cat-piel-grasa","11":"product_cat-piel-mixta","12":"desktop-align-center","13":"tablet-align-left","14":"mobile-align-left","16":"first","17":"instock","18":"shipping-taxable","19":"purchasable","20":"product-type-simple"},"yoast_head":"<!-- This site is optimized with the Yoast SEO plugin v26.8 - https:\/\/yoast.com\/product\/yoast-seo-wordpress\/ -->\n<title>INNISFREE Green Tea Pack - MERAKI<\/title>\n<meta name=\"robots\" content=\"index, follow, max-snippet:-1, max-image-preview:large, max-video-preview:-1\" \/>\n<link rel=\"canonical\" href=\"https:\/\/digilago.es\/mugun\/producto\/innisfree-green-tea-pack\/\" \/>\n<meta property=\"og:locale\" content=\"es_ES\" \/>\n<meta property=\"og:type\" content=\"article\" \/>\n<meta property=\"og:title\" content=\"INNISFREE Green Tea Pack - MERAKI\" \/>\n<meta property=\"og:description\" content=\"El set perfecto para los para las pieles sensibles, que buscan hidrataci\u00f3n, luminosidad y \u00a0una piel suave y limpia gracias a estos productos org\u00e1nicos y naturales pensados para \u00a0los amantes del T\u00e9 verde y sus propiedades.\u00a0\" \/>\n<meta property=\"og:url\" content=\"https:\/\/digilago.es\/mugun\/producto\/innisfree-green-tea-pack\/\" \/>\n<meta property=\"og:site_name\" content=\"MERAKI\" \/>\n<meta property=\"article:modified_time\" content=\"2022-05-31T07:43:09+00:00\" \/>\n<meta property=\"og:image\" content=\"https:\/\/digilago.es\/mugun\/wp-content\/uploads\/sites\/5\/2022\/05\/0003464_innisfree-green-tea-set.png\" \/>\n\t<meta property=\"og:image:width\" content=\"720\" \/>\n\t<meta property=\"og:image:height\" content=\"720\" \/>\n\t<meta property=\"og:image:type\" content=\"image\/png\" \/>\n<meta name=\"twitter:card\" content=\"summary_large_image\" \/>\n<meta name=\"twitter:label1\" content=\"Tiempo de lectura\" \/>\n\t<meta name=\"twitter:data1\" content=\"3 minutos\" \/>\n<script type=\"application\/ld+json\" class=\"yoast-schema-graph\">{\"@context\":\"https:\/\/schema.org\",\"@graph\":[{\"@type\":\"WebPage\",\"@id\":\"https:\/\/digilago.es\/mugun\/producto\/innisfree-green-tea-pack\/\",\"url\":\"https:\/\/digilago.es\/mugun\/producto\/innisfree-green-tea-pack\/\",\"name\":\"INNISFREE Green Tea Pack - MERAKI\",\"isPartOf\":{\"@id\":\"https:\/\/digilago.es\/mugun\/#website\"},\"primaryImageOfPage\":{\"@id\":\"https:\/\/digilago.es\/mugun\/producto\/innisfree-green-tea-pack\/#primaryimage\"},\"image\":{\"@id\":\"https:\/\/digilago.es\/mugun\/producto\/innisfree-green-tea-pack\/#primaryimage\"},\"thumbnailUrl\":\"https:\/\/digilago.es\/mugun\/wp-content\/uploads\/sites\/5\/2022\/05\/0003464_innisfree-green-tea-set.png\",\"datePublished\":\"2022-05-28T18:27:01+00:00\",\"dateModified\":\"2022-05-31T07:43:09+00:00\",\"breadcrumb\":{\"@id\":\"https:\/\/digilago.es\/mugun\/producto\/innisfree-green-tea-pack\/#breadcrumb\"},\"inLanguage\":\"es\",\"potentialAction\":[{\"@type\":\"ReadAction\",\"target\":[\"https:\/\/digilago.es\/mugun\/producto\/innisfree-green-tea-pack\/\"]}]},{\"@type\":\"ImageObject\",\"inLanguage\":\"es\",\"@id\":\"https:\/\/digilago.es\/mugun\/producto\/innisfree-green-tea-pack\/#primaryimage\",\"url\":\"https:\/\/digilago.es\/mugun\/wp-content\/uploads\/sites\/5\/2022\/05\/0003464_innisfree-green-tea-set.png\",\"contentUrl\":\"https:\/\/digilago.es\/mugun\/wp-content\/uploads\/sites\/5\/2022\/05\/0003464_innisfree-green-tea-set.png\",\"width\":720,\"height\":720},{\"@type\":\"BreadcrumbList\",\"@id\":\"https:\/\/digilago.es\/mugun\/producto\/innisfree-green-tea-pack\/#breadcrumb\",\"itemListElement\":[{\"@type\":\"ListItem\",\"position\":1,\"name\":\"Portada\",\"item\":\"https:\/\/digilago.es\/mugun\/\"},{\"@type\":\"ListItem\",\"position\":2,\"name\":\"Todos los productos\",\"item\":\"https:\/\/digilago.es\/mugun\/shop\/\"},{\"@type\":\"ListItem\",\"position\":3,\"name\":\"INNISFREE Green Tea Pack\"}]},{\"@type\":\"WebSite\",\"@id\":\"https:\/\/digilago.es\/mugun\/#website\",\"url\":\"https:\/\/digilago.es\/mugun\/\",\"name\":\"MERAKI\",\"description\":\"Otro sitio m\u00e1s de DIGILAGO proyectos de negocio alumnos\",\"publisher\":{\"@id\":\"https:\/\/digilago.es\/mugun\/#organization\"},\"potentialAction\":[{\"@type\":\"SearchAction\",\"target\":{\"@type\":\"EntryPoint\",\"urlTemplate\":\"https:\/\/digilago.es\/mugun\/?s={search_term_string}\"},\"query-input\":{\"@type\":\"PropertyValueSpecification\",\"valueRequired\":true,\"valueName\":\"search_term_string\"}}],\"inLanguage\":\"es\"},{\"@type\":\"Organization\",\"@id\":\"https:\/\/digilago.es\/mugun\/#organization\",\"name\":\"MERAKI\",\"url\":\"https:\/\/digilago.es\/mugun\/\",\"logo\":{\"@type\":\"ImageObject\",\"inLanguage\":\"es\",\"@id\":\"https:\/\/digilago.es\/mugun\/#\/schema\/logo\/image\/\",\"url\":\"https:\/\/digilago.es\/mugun\/wp-content\/uploads\/sites\/5\/2024\/01\/cropped-cropped-Logo-blanco-sin-nombre.png\",\"contentUrl\":\"https:\/\/digilago.es\/mugun\/wp-content\/uploads\/sites\/5\/2024\/01\/cropped-cropped-Logo-blanco-sin-nombre.png\",\"width\":184,\"height\":166,\"caption\":\"MERAKI\"},\"image\":{\"@id\":\"https:\/\/digilago.es\/mugun\/#\/schema\/logo\/image\/\"}}]}<\/script>\n<!-- \/ Yoast SEO plugin. -->","yoast_head_json":{"title":"INNISFREE Green Tea Pack - MERAKI","robots":{"index":"index","follow":"follow","max-snippet":"max-snippet:-1","max-image-preview":"max-image-preview:large","max-video-preview":"max-video-preview:-1"},"canonical":"https:\/\/digilago.es\/mugun\/producto\/innisfree-green-tea-pack\/","og_locale":"es_ES","og_type":"article","og_title":"INNISFREE Green Tea Pack - MERAKI","og_description":"El set perfecto para los para las pieles sensibles, que buscan hidrataci\u00f3n, luminosidad y \u00a0una piel suave y limpia gracias a estos productos org\u00e1nicos y naturales pensados para \u00a0los amantes del T\u00e9 verde y sus propiedades.\u00a0","og_url":"https:\/\/digilago.es\/mugun\/producto\/innisfree-green-tea-pack\/","og_site_name":"MERAKI","article_modified_time":"2022-05-31T07:43:09+00:00","og_image":[{"width":720,"height":720,"url":"https:\/\/digilago.es\/mugun\/wp-content\/uploads\/sites\/5\/2022\/05\/0003464_innisfree-green-tea-set.png","type":"image\/png"}],"twitter_card":"summary_large_image","twitter_misc":{"Tiempo de lectura":"3 minutos"},"schema":{"@context":"https:\/\/schema.org","@graph":[{"@type":"WebPage","@id":"https:\/\/digilago.es\/mugun\/producto\/innisfree-green-tea-pack\/","url":"https:\/\/digilago.es\/mugun\/producto\/innisfree-green-tea-pack\/","name":"INNISFREE Green Tea Pack - MERAKI","isPartOf":{"@id":"https:\/\/digilago.es\/mugun\/#website"},"primaryImageOfPage":{"@id":"https:\/\/digilago.es\/mugun\/producto\/innisfree-green-tea-pack\/#primaryimage"},"image":{"@id":"https:\/\/digilago.es\/mugun\/producto\/innisfree-green-tea-pack\/#primaryimage"},"thumbnailUrl":"https:\/\/digilago.es\/mugun\/wp-content\/uploads\/sites\/5\/2022\/05\/0003464_innisfree-green-tea-set.png","datePublished":"2022-05-28T18:27:01+00:00","dateModified":"2022-05-31T07:43:09+00:00","breadcrumb":{"@id":"https:\/\/digilago.es\/mugun\/producto\/innisfree-green-tea-pack\/#breadcrumb"},"inLanguage":"es","potentialAction":[{"@type":"ReadAction","target":["https:\/\/digilago.es\/mugun\/producto\/innisfree-green-tea-pack\/"]}]},{"@type":"ImageObject","inLanguage":"es","@id":"https:\/\/digilago.es\/mugun\/producto\/innisfree-green-tea-pack\/#primaryimage","url":"https:\/\/digilago.es\/mugun\/wp-content\/uploads\/sites\/5\/2022\/05\/0003464_innisfree-green-tea-set.png","contentUrl":"https:\/\/digilago.es\/mugun\/wp-content\/uploads\/sites\/5\/2022\/05\/0003464_innisfree-green-tea-set.png","width":720,"height":720},{"@type":"BreadcrumbList","@id":"https:\/\/digilago.es\/mugun\/producto\/innisfree-green-tea-pack\/#breadcrumb","itemListElement":[{"@type":"ListItem","position":1,"name":"Portada","item":"https:\/\/digilago.es\/mugun\/"},{"@type":"ListItem","position":2,"name":"Todos los productos","item":"https:\/\/digilago.es\/mugun\/shop\/"},{"@type":"ListItem","position":3,"name":"INNISFREE Green Tea Pack"}]},{"@type":"WebSite","@id":"https:\/\/digilago.es\/mugun\/#website","url":"https:\/\/digilago.es\/mugun\/","name":"MERAKI","description":"Otro sitio m\u00e1s de DIGILAGO proyectos de negocio alumnos","publisher":{"@id":"https:\/\/digilago.es\/mugun\/#organization"},"potentialAction":[{"@type":"SearchAction","target":{"@type":"EntryPoint","urlTemplate":"https:\/\/digilago.es\/mugun\/?s={search_term_string}"},"query-input":{"@type":"PropertyValueSpecification","valueRequired":true,"valueName":"search_term_string"}}],"inLanguage":"es"},{"@type":"Organization","@id":"https:\/\/digilago.es\/mugun\/#organization","name":"MERAKI","url":"https:\/\/digilago.es\/mugun\/","logo":{"@type":"ImageObject","inLanguage":"es","@id":"https:\/\/digilago.es\/mugun\/#\/schema\/logo\/image\/","url":"https:\/\/digilago.es\/mugun\/wp-content\/uploads\/sites\/5\/2024\/01\/cropped-cropped-Logo-blanco-sin-nombre.png","contentUrl":"https:\/\/digilago.es\/mugun\/wp-content\/uploads\/sites\/5\/2024\/01\/cropped-cropped-Logo-blanco-sin-nombre.png","width":184,"height":166,"caption":"MERAKI"},"image":{"@id":"https:\/\/digilago.es\/mugun\/#\/schema\/logo\/image\/"}}]}},"_links":{"self":[{"href":"https:\/\/digilago.es\/mugun\/wp-json\/wp\/v2\/product\/4548","targetHints":{"allow":["GET"]}}],"collection":[{"href":"https:\/\/digilago.es\/mugun\/wp-json\/wp\/v2\/product"}],"about":[{"href":"https:\/\/digilago.es\/mugun\/wp-json\/wp\/v2\/types\/product"}],"replies":[{"embeddable":true,"href":"https:\/\/digilago.es\/mugun\/wp-json\/wp\/v2\/comments?post=4548"}],"wp:featuredmedia":[{"embeddable":true,"href":"https:\/\/digilago.es\/mugun\/wp-json\/wp\/v2\/media\/4550"}],"wp:attachment":[{"href":"https:\/\/digilago.es\/mugun\/wp-json\/wp\/v2\/media?parent=4548"}],"wp:term":[{"taxonomy":"product_brand","embeddable":true,"href":"https:\/\/digilago.es\/mugun\/wp-json\/wp\/v2\/product_brand?post=4548"},{"taxonomy":"product_cat","embeddable":true,"href":"https:\/\/digilago.es\/mugun\/wp-json\/wp\/v2\/product_cat?post=4548"},{"taxonomy":"product_tag","embeddable":true,"href":"https:\/\/digilago.es\/mugun\/wp-json\/wp\/v2\/product_tag?post=4548"}],"curies":[{"name":"wp","href":"https:\/\/api.w.org\/{rel}","templated":true}]}}