{"id":14,"date":"2025-12-12T09:43:09","date_gmt":"2025-12-12T08:43:09","guid":{"rendered":"https:\/\/digilago.es\/jumpanddrinks\/?page_id=14"},"modified":"2026-02-13T09:30:29","modified_gmt":"2026-02-13T08:30:29","slug":"inicio","status":"publish","type":"page","link":"https:\/\/digilago.es\/jumpanddrinks\/","title":{"rendered":"INICIO"},"content":{"rendered":"\n<p>\u00bfListo para saltar a la diversi\u00f3n sin l\u00edmites?<\/p>\n\n\n\n<p>En Jump and Drinks hemos creado el lugar ideal para que ni\u00f1os y j\u00f3venes salten, r\u00edan y compartan momentos inolvidables en un entorno seguro, limpio y totalmente supervisado. Mientras ellos descargan energ\u00eda y socializan, t\u00fa puedes relajarte en nuestra zona pensada especialmente para adultos, disfrutar de un caf\u00e9, tomar algo y desconectar con tranquilidad.<\/p>\n\n\n\n<p>Sabemos que como madre o padre buscas algo m\u00e1s que entretenimiento: quieres seguridad, confianza y un espacio donde sentirte c\u00f3modo. Aqu\u00ed combinamos diversi\u00f3n, descanso y calidad en un mismo lugar, para que toda la familia viva una experiencia completa.<\/p>\n\n\n\n<p>Porque cuando ellos son felices, t\u00fa tambi\u00e9n lo eres.<\/p>\n\n\n\n<p>Reserva tu visita ahora y asegura vuestro pr\u00f3ximo plan en familia<\/p>\n","protected":false},"excerpt":{"rendered":"<p>\u00bfListo para saltar a la diversi\u00f3n sin l\u00edmites? En Jump and Drinks hemos creado el lugar ideal para que ni\u00f1os y j\u00f3venes salten, r\u00edan y compartan momentos inolvidables en un entorno seguro, limpio y totalmente supervisado. Mientras ellos descargan energ\u00eda y socializan, t\u00fa puedes relajarte en nuestra zona pensada especialmente para adultos, disfrutar de un [&hellip;]<\/p>\n","protected":false},"author":135,"featured_media":0,"parent":0,"menu_order":0,"comment_status":"closed","ping_status":"closed","template":"","meta":{"footnotes":""},"class_list":["post-14","page","type-page","status-publish","hentry"],"yoast_head":"<!-- This site is optimized with the Yoast SEO plugin v26.8 - https:\/\/yoast.com\/product\/yoast-seo-wordpress\/ -->\n<title>INICIO - Jumpanddrinks<\/title>\n<meta name=\"robots\" content=\"index, follow, max-snippet:-1, max-image-preview:large, max-video-preview:-1\" \/>\n<link rel=\"canonical\" href=\"https:\/\/digilago.es\/jumpanddrinks\/\" \/>\n<meta property=\"og:locale\" content=\"es_ES\" \/>\n<meta property=\"og:type\" content=\"article\" \/>\n<meta property=\"og:title\" content=\"INICIO - Jumpanddrinks\" \/>\n<meta property=\"og:description\" content=\"\u00bfListo para saltar a la diversi\u00f3n sin l\u00edmites? En Jump and Drinks hemos creado el lugar ideal para que ni\u00f1os y j\u00f3venes salten, r\u00edan y compartan momentos inolvidables en un entorno seguro, limpio y totalmente supervisado. Mientras ellos descargan energ\u00eda y socializan, t\u00fa puedes relajarte en nuestra zona pensada especialmente para adultos, disfrutar de un [&hellip;]\" \/>\n<meta property=\"og:url\" content=\"https:\/\/digilago.es\/jumpanddrinks\/\" \/>\n<meta property=\"og:site_name\" content=\"Jumpanddrinks\" \/>\n<meta property=\"article:modified_time\" content=\"2026-02-13T08:30:29+00:00\" \/>\n<meta name=\"twitter:card\" content=\"summary_large_image\" \/>\n<meta name=\"twitter:label1\" content=\"Tiempo de lectura\" \/>\n\t<meta name=\"twitter:data1\" content=\"1 minuto\" \/>\n<script type=\"application\/ld+json\" class=\"yoast-schema-graph\">{\"@context\":\"https:\/\/schema.org\",\"@graph\":[{\"@type\":\"WebPage\",\"@id\":\"https:\/\/digilago.es\/jumpanddrinks\/\",\"url\":\"https:\/\/digilago.es\/jumpanddrinks\/\",\"name\":\"INICIO - Jumpanddrinks\",\"isPartOf\":{\"@id\":\"https:\/\/digilago.es\/jumpanddrinks\/#website\"},\"datePublished\":\"2025-12-12T08:43:09+00:00\",\"dateModified\":\"2026-02-13T08:30:29+00:00\",\"breadcrumb\":{\"@id\":\"https:\/\/digilago.es\/jumpanddrinks\/#breadcrumb\"},\"inLanguage\":\"es\",\"potentialAction\":[{\"@type\":\"ReadAction\",\"target\":[\"https:\/\/digilago.es\/jumpanddrinks\/\"]}]},{\"@type\":\"BreadcrumbList\",\"@id\":\"https:\/\/digilago.es\/jumpanddrinks\/#breadcrumb\",\"itemListElement\":[{\"@type\":\"ListItem\",\"position\":1,\"name\":\"Portada\",\"item\":\"https:\/\/digilago.es\/jumpanddrinks\/\"},{\"@type\":\"ListItem\",\"position\":2,\"name\":\"INICIO\"}]},{\"@type\":\"WebSite\",\"@id\":\"https:\/\/digilago.es\/jumpanddrinks\/#website\",\"url\":\"https:\/\/digilago.es\/jumpanddrinks\/\",\"name\":\"Jumpanddrinks\",\"description\":\"\",\"publisher\":{\"@id\":\"https:\/\/digilago.es\/jumpanddrinks\/#organization\"},\"potentialAction\":[{\"@type\":\"SearchAction\",\"target\":{\"@type\":\"EntryPoint\",\"urlTemplate\":\"https:\/\/digilago.es\/jumpanddrinks\/?s={search_term_string}\"},\"query-input\":{\"@type\":\"PropertyValueSpecification\",\"valueRequired\":true,\"valueName\":\"search_term_string\"}}],\"inLanguage\":\"es\"},{\"@type\":\"Organization\",\"@id\":\"https:\/\/digilago.es\/jumpanddrinks\/#organization\",\"name\":\"Jumpanddrinks\",\"url\":\"https:\/\/digilago.es\/jumpanddrinks\/\",\"logo\":{\"@type\":\"ImageObject\",\"inLanguage\":\"es\",\"@id\":\"https:\/\/digilago.es\/jumpanddrinks\/#\/schema\/logo\/image\/\",\"url\":\"https:\/\/digilago.es\/jumpanddrinks\/wp-content\/uploads\/sites\/55\/2026\/02\/cropped-Captura-de-pantalla-2026-02-03-201629.png\",\"contentUrl\":\"https:\/\/digilago.es\/jumpanddrinks\/wp-content\/uploads\/sites\/55\/2026\/02\/cropped-Captura-de-pantalla-2026-02-03-201629.png\",\"width\":316,\"height\":252,\"caption\":\"Jumpanddrinks\"},\"image\":{\"@id\":\"https:\/\/digilago.es\/jumpanddrinks\/#\/schema\/logo\/image\/\"}}]}<\/script>\n<!-- \/ Yoast SEO plugin. -->","yoast_head_json":{"title":"INICIO - Jumpanddrinks","robots":{"index":"index","follow":"follow","max-snippet":"max-snippet:-1","max-image-preview":"max-image-preview:large","max-video-preview":"max-video-preview:-1"},"canonical":"https:\/\/digilago.es\/jumpanddrinks\/","og_locale":"es_ES","og_type":"article","og_title":"INICIO - Jumpanddrinks","og_description":"\u00bfListo para saltar a la diversi\u00f3n sin l\u00edmites? En Jump and Drinks hemos creado el lugar ideal para que ni\u00f1os y j\u00f3venes salten, r\u00edan y compartan momentos inolvidables en un entorno seguro, limpio y totalmente supervisado. Mientras ellos descargan energ\u00eda y socializan, t\u00fa puedes relajarte en nuestra zona pensada especialmente para adultos, disfrutar de un [&hellip;]","og_url":"https:\/\/digilago.es\/jumpanddrinks\/","og_site_name":"Jumpanddrinks","article_modified_time":"2026-02-13T08:30:29+00:00","twitter_card":"summary_large_image","twitter_misc":{"Tiempo de lectura":"1 minuto"},"schema":{"@context":"https:\/\/schema.org","@graph":[{"@type":"WebPage","@id":"https:\/\/digilago.es\/jumpanddrinks\/","url":"https:\/\/digilago.es\/jumpanddrinks\/","name":"INICIO - Jumpanddrinks","isPartOf":{"@id":"https:\/\/digilago.es\/jumpanddrinks\/#website"},"datePublished":"2025-12-12T08:43:09+00:00","dateModified":"2026-02-13T08:30:29+00:00","breadcrumb":{"@id":"https:\/\/digilago.es\/jumpanddrinks\/#breadcrumb"},"inLanguage":"es","potentialAction":[{"@type":"ReadAction","target":["https:\/\/digilago.es\/jumpanddrinks\/"]}]},{"@type":"BreadcrumbList","@id":"https:\/\/digilago.es\/jumpanddrinks\/#breadcrumb","itemListElement":[{"@type":"ListItem","position":1,"name":"Portada","item":"https:\/\/digilago.es\/jumpanddrinks\/"},{"@type":"ListItem","position":2,"name":"INICIO"}]},{"@type":"WebSite","@id":"https:\/\/digilago.es\/jumpanddrinks\/#website","url":"https:\/\/digilago.es\/jumpanddrinks\/","name":"Jumpanddrinks","description":"","publisher":{"@id":"https:\/\/digilago.es\/jumpanddrinks\/#organization"},"potentialAction":[{"@type":"SearchAction","target":{"@type":"EntryPoint","urlTemplate":"https:\/\/digilago.es\/jumpanddrinks\/?s={search_term_string}"},"query-input":{"@type":"PropertyValueSpecification","valueRequired":true,"valueName":"search_term_string"}}],"inLanguage":"es"},{"@type":"Organization","@id":"https:\/\/digilago.es\/jumpanddrinks\/#organization","name":"Jumpanddrinks","url":"https:\/\/digilago.es\/jumpanddrinks\/","logo":{"@type":"ImageObject","inLanguage":"es","@id":"https:\/\/digilago.es\/jumpanddrinks\/#\/schema\/logo\/image\/","url":"https:\/\/digilago.es\/jumpanddrinks\/wp-content\/uploads\/sites\/55\/2026\/02\/cropped-Captura-de-pantalla-2026-02-03-201629.png","contentUrl":"https:\/\/digilago.es\/jumpanddrinks\/wp-content\/uploads\/sites\/55\/2026\/02\/cropped-Captura-de-pantalla-2026-02-03-201629.png","width":316,"height":252,"caption":"Jumpanddrinks"},"image":{"@id":"https:\/\/digilago.es\/jumpanddrinks\/#\/schema\/logo\/image\/"}}]}},"_links":{"self":[{"href":"https:\/\/digilago.es\/jumpanddrinks\/wp-json\/wp\/v2\/pages\/14","targetHints":{"allow":["GET"]}}],"collection":[{"href":"https:\/\/digilago.es\/jumpanddrinks\/wp-json\/wp\/v2\/pages"}],"about":[{"href":"https:\/\/digilago.es\/jumpanddrinks\/wp-json\/wp\/v2\/types\/page"}],"author":[{"embeddable":true,"href":"https:\/\/digilago.es\/jumpanddrinks\/wp-json\/wp\/v2\/users\/135"}],"replies":[{"embeddable":true,"href":"https:\/\/digilago.es\/jumpanddrinks\/wp-json\/wp\/v2\/comments?post=14"}],"version-history":[{"count":3,"href":"https:\/\/digilago.es\/jumpanddrinks\/wp-json\/wp\/v2\/pages\/14\/revisions"}],"predecessor-version":[{"id":81,"href":"https:\/\/digilago.es\/jumpanddrinks\/wp-json\/wp\/v2\/pages\/14\/revisions\/81"}],"wp:attachment":[{"href":"https:\/\/digilago.es\/jumpanddrinks\/wp-json\/wp\/v2\/media?parent=14"}],"curies":[{"name":"wp","href":"https:\/\/api.w.org\/{rel}","templated":true}]}}