{"id":183,"date":"2026-04-07T09:31:18","date_gmt":"2026-04-07T07:31:18","guid":{"rendered":"https:\/\/digilago.es\/autoimport\/?post_type=product&#038;p=183"},"modified":"2026-04-10T09:39:07","modified_gmt":"2026-04-10T07:39:07","slug":"mercedes-benz-clase-e-2021","status":"publish","type":"product","link":"https:\/\/digilago.es\/autoimport\/producto\/mercedes-benz-clase-e-2021\/","title":{"rendered":"Mercedes-Benz Clase E &#8216;2021"},"content":{"rendered":"<ul data-path-to-node=\"1\">\n<li>\n<p data-path-to-node=\"1,0,0\"><b data-path-to-node=\"1,0,0\" data-index-in-node=\"0\">Veh\u00edculo:<\/b> Mercedes-Benz E 53 AMG 4M+ AMG Coup\u00e9 (C238)<\/p>\n<\/li>\n<li>\n<p data-path-to-node=\"1,1,0\"><b data-path-to-node=\"1,1,0\" data-index-in-node=\"0\">Motorizaci\u00f3n:<\/b> 3.0 Litros Gasolina &#8211; 6 Cilindros (320 KW \/ 435 CV)<\/p>\n<\/li>\n<li>\n<p data-path-to-node=\"1,2,0\"><b data-path-to-node=\"1,2,0\" data-index-in-node=\"0\">Estado:<\/b> 07.2021 | 67.901 Kil\u00f3metros<\/p>\n<\/li>\n<li>\n<p data-path-to-node=\"1,3,0\">\u00a0Autom\u00e1tico (con levas)<\/p>\n<\/li>\n<\/ul>\n<p data-path-to-node=\"2\"><b data-path-to-node=\"2\" data-index-in-node=\"0\">Equipamiento Premium:<\/b><\/p>\n<ul data-path-to-node=\"3\">\n<li>\n<p data-path-to-node=\"3,0,0\">Interior en <b data-path-to-node=\"3,0,0\" data-index-in-node=\"12\">piel negra<\/b> con asientos el\u00e9ctricos, funci\u00f3n de <b data-path-to-node=\"3,0,0\" data-index-in-node=\"59\">memoria<\/b> y calefacci\u00f3n.<\/p>\n<\/li>\n<li>\n<p data-path-to-node=\"3,1,0\">Experiencia sonora y visual: Sistema <b data-path-to-node=\"3,1,0\" data-index-in-node=\"37\">Burmester\u00ae<\/b>, iluminaci\u00f3n ambiental y panel de instrumentos digital.<\/p>\n<\/li>\n<li>\n<p data-path-to-node=\"3,2,0\">Dise\u00f1o exclusivo: <b data-path-to-node=\"3,2,0\" data-index-in-node=\"18\">AMG Night Package<\/b>, llantas de 20&#8243; y color Gris Met\u00e1lico.<\/p>\n<\/li>\n<li>\n<p data-path-to-node=\"3,3,0\">Tecnolog\u00eda avanzada: Navegaci\u00f3n, integraci\u00f3n de smartphones (<b data-path-to-node=\"3,3,0\" data-index-in-node=\"61\">Android Auto\/Apple CarPlay<\/b>) y carga inal\u00e1mbrica.<\/p>\n<\/li>\n<li>\n<p data-path-to-node=\"3,4,0\">Rendimiento y seguridad: <b data-path-to-node=\"3,4,0\" data-index-in-node=\"25\">Suspensi\u00f3n neum\u00e1tica (AMG RIDE CONTROL+)<\/b>, Faros LED y c\u00e1maras de aparcamiento.<\/p>\n<\/li>\n<\/ul>\n","protected":false},"excerpt":{"rendered":"<p>Veh\u00edculo: Mercedes-Benz E 53 AMG 4M+ AMG Coup\u00e9 (C238) Motorizaci\u00f3n: 3.0 Litros Gasolina &#8211; 6 Cilindros (320 KW \/ 435 CV) Estado: 07.2021 | 67.901 Kil\u00f3metros \u00a0Autom\u00e1tico (con levas) Equipamiento Premium: Interior en piel negra con asientos el\u00e9ctricos, funci\u00f3n de memoria y calefacci\u00f3n. Experiencia sonora y visual: Sistema Burmester\u00ae, iluminaci\u00f3n ambiental y panel de instrumentos [&hellip;]<\/p>\n","protected":false},"featured_media":184,"comment_status":"open","ping_status":"closed","template":"","meta":[],"product_brand":[],"product_cat":[22],"product_tag":[],"class_list":{"0":"post-183","1":"product","2":"type-product","3":"status-publish","4":"has-post-thumbnail","6":"product_cat-mercedes","8":"first","9":"instock","10":"taxable","11":"shipping-taxable","12":"product-type-simple"},"yoast_head":"<!-- This site is optimized with the Yoast SEO plugin v26.8 - https:\/\/yoast.com\/product\/yoast-seo-wordpress\/ -->\n<title>Mercedes-Benz Clase E &#039;2021 - Autoimport<\/title>\n<meta name=\"robots\" content=\"index, follow, max-snippet:-1, max-image-preview:large, max-video-preview:-1\" \/>\n<link rel=\"canonical\" href=\"https:\/\/digilago.es\/autoimport\/producto\/mercedes-benz-clase-e-2021\/\" \/>\n<meta property=\"og:locale\" content=\"es_ES\" \/>\n<meta property=\"og:type\" content=\"article\" \/>\n<meta property=\"og:title\" content=\"Mercedes-Benz Clase E &#039;2021 - Autoimport\" \/>\n<meta property=\"og:description\" content=\"Veh\u00edculo: Mercedes-Benz E 53 AMG 4M+ AMG Coup\u00e9 (C238) Motorizaci\u00f3n: 3.0 Litros Gasolina &#8211; 6 Cilindros (320 KW \/ 435 CV) Estado: 07.2021 | 67.901 Kil\u00f3metros \u00a0Autom\u00e1tico (con levas) Equipamiento Premium: Interior en piel negra con asientos el\u00e9ctricos, funci\u00f3n de memoria y calefacci\u00f3n. Experiencia sonora y visual: Sistema Burmester\u00ae, iluminaci\u00f3n ambiental y panel de instrumentos [&hellip;]\" \/>\n<meta property=\"og:url\" content=\"https:\/\/digilago.es\/autoimport\/producto\/mercedes-benz-clase-e-2021\/\" \/>\n<meta property=\"og:site_name\" content=\"Autoimport\" \/>\n<meta property=\"article:modified_time\" content=\"2026-04-10T07:39:07+00:00\" \/>\n<meta property=\"og:image\" content=\"https:\/\/digilago.es\/autoimport\/wp-content\/uploads\/sites\/41\/2026\/04\/mmmmm.jpg\" \/>\n\t<meta property=\"og:image:width\" content=\"1108\" \/>\n\t<meta property=\"og:image:height\" content=\"534\" \/>\n\t<meta property=\"og:image:type\" content=\"image\/jpeg\" \/>\n<meta name=\"twitter:card\" content=\"summary_large_image\" \/>\n<meta name=\"twitter:label1\" content=\"Tiempo de lectura\" \/>\n\t<meta name=\"twitter:data1\" content=\"1 minuto\" \/>\n<script type=\"application\/ld+json\" class=\"yoast-schema-graph\">{\"@context\":\"https:\/\/schema.org\",\"@graph\":[{\"@type\":\"WebPage\",\"@id\":\"https:\/\/digilago.es\/autoimport\/producto\/mercedes-benz-clase-e-2021\/\",\"url\":\"https:\/\/digilago.es\/autoimport\/producto\/mercedes-benz-clase-e-2021\/\",\"name\":\"Mercedes-Benz Clase E '2021 - Autoimport\",\"isPartOf\":{\"@id\":\"https:\/\/digilago.es\/autoimport\/#website\"},\"primaryImageOfPage\":{\"@id\":\"https:\/\/digilago.es\/autoimport\/producto\/mercedes-benz-clase-e-2021\/#primaryimage\"},\"image\":{\"@id\":\"https:\/\/digilago.es\/autoimport\/producto\/mercedes-benz-clase-e-2021\/#primaryimage\"},\"thumbnailUrl\":\"https:\/\/digilago.es\/autoimport\/wp-content\/uploads\/sites\/41\/2026\/04\/mmmmm.jpg\",\"datePublished\":\"2026-04-07T07:31:18+00:00\",\"dateModified\":\"2026-04-10T07:39:07+00:00\",\"breadcrumb\":{\"@id\":\"https:\/\/digilago.es\/autoimport\/producto\/mercedes-benz-clase-e-2021\/#breadcrumb\"},\"inLanguage\":\"es\",\"potentialAction\":[{\"@type\":\"ReadAction\",\"target\":[\"https:\/\/digilago.es\/autoimport\/producto\/mercedes-benz-clase-e-2021\/\"]}]},{\"@type\":\"ImageObject\",\"inLanguage\":\"es\",\"@id\":\"https:\/\/digilago.es\/autoimport\/producto\/mercedes-benz-clase-e-2021\/#primaryimage\",\"url\":\"https:\/\/digilago.es\/autoimport\/wp-content\/uploads\/sites\/41\/2026\/04\/mmmmm.jpg\",\"contentUrl\":\"https:\/\/digilago.es\/autoimport\/wp-content\/uploads\/sites\/41\/2026\/04\/mmmmm.jpg\",\"width\":1108,\"height\":534},{\"@type\":\"BreadcrumbList\",\"@id\":\"https:\/\/digilago.es\/autoimport\/producto\/mercedes-benz-clase-e-2021\/#breadcrumb\",\"itemListElement\":[{\"@type\":\"ListItem\",\"position\":1,\"name\":\"Portada\",\"item\":\"https:\/\/digilago.es\/autoimport\/\"},{\"@type\":\"ListItem\",\"position\":2,\"name\":\"Tienda\",\"item\":\"https:\/\/digilago.es\/autoimport\/tienda\/\"},{\"@type\":\"ListItem\",\"position\":3,\"name\":\"Mercedes-Benz Clase E &#8216;2021\"}]},{\"@type\":\"WebSite\",\"@id\":\"https:\/\/digilago.es\/autoimport\/#website\",\"url\":\"https:\/\/digilago.es\/autoimport\/\",\"name\":\"Autoimport\",\"description\":\"\",\"potentialAction\":[{\"@type\":\"SearchAction\",\"target\":{\"@type\":\"EntryPoint\",\"urlTemplate\":\"https:\/\/digilago.es\/autoimport\/?s={search_term_string}\"},\"query-input\":{\"@type\":\"PropertyValueSpecification\",\"valueRequired\":true,\"valueName\":\"search_term_string\"}}],\"inLanguage\":\"es\"}]}<\/script>\n<!-- \/ Yoast SEO plugin. -->","yoast_head_json":{"title":"Mercedes-Benz Clase E '2021 - Autoimport","robots":{"index":"index","follow":"follow","max-snippet":"max-snippet:-1","max-image-preview":"max-image-preview:large","max-video-preview":"max-video-preview:-1"},"canonical":"https:\/\/digilago.es\/autoimport\/producto\/mercedes-benz-clase-e-2021\/","og_locale":"es_ES","og_type":"article","og_title":"Mercedes-Benz Clase E '2021 - Autoimport","og_description":"Veh\u00edculo: Mercedes-Benz E 53 AMG 4M+ AMG Coup\u00e9 (C238) Motorizaci\u00f3n: 3.0 Litros Gasolina &#8211; 6 Cilindros (320 KW \/ 435 CV) Estado: 07.2021 | 67.901 Kil\u00f3metros \u00a0Autom\u00e1tico (con levas) Equipamiento Premium: Interior en piel negra con asientos el\u00e9ctricos, funci\u00f3n de memoria y calefacci\u00f3n. Experiencia sonora y visual: Sistema Burmester\u00ae, iluminaci\u00f3n ambiental y panel de instrumentos [&hellip;]","og_url":"https:\/\/digilago.es\/autoimport\/producto\/mercedes-benz-clase-e-2021\/","og_site_name":"Autoimport","article_modified_time":"2026-04-10T07:39:07+00:00","og_image":[{"width":1108,"height":534,"url":"https:\/\/digilago.es\/autoimport\/wp-content\/uploads\/sites\/41\/2026\/04\/mmmmm.jpg","type":"image\/jpeg"}],"twitter_card":"summary_large_image","twitter_misc":{"Tiempo de lectura":"1 minuto"},"schema":{"@context":"https:\/\/schema.org","@graph":[{"@type":"WebPage","@id":"https:\/\/digilago.es\/autoimport\/producto\/mercedes-benz-clase-e-2021\/","url":"https:\/\/digilago.es\/autoimport\/producto\/mercedes-benz-clase-e-2021\/","name":"Mercedes-Benz Clase E '2021 - Autoimport","isPartOf":{"@id":"https:\/\/digilago.es\/autoimport\/#website"},"primaryImageOfPage":{"@id":"https:\/\/digilago.es\/autoimport\/producto\/mercedes-benz-clase-e-2021\/#primaryimage"},"image":{"@id":"https:\/\/digilago.es\/autoimport\/producto\/mercedes-benz-clase-e-2021\/#primaryimage"},"thumbnailUrl":"https:\/\/digilago.es\/autoimport\/wp-content\/uploads\/sites\/41\/2026\/04\/mmmmm.jpg","datePublished":"2026-04-07T07:31:18+00:00","dateModified":"2026-04-10T07:39:07+00:00","breadcrumb":{"@id":"https:\/\/digilago.es\/autoimport\/producto\/mercedes-benz-clase-e-2021\/#breadcrumb"},"inLanguage":"es","potentialAction":[{"@type":"ReadAction","target":["https:\/\/digilago.es\/autoimport\/producto\/mercedes-benz-clase-e-2021\/"]}]},{"@type":"ImageObject","inLanguage":"es","@id":"https:\/\/digilago.es\/autoimport\/producto\/mercedes-benz-clase-e-2021\/#primaryimage","url":"https:\/\/digilago.es\/autoimport\/wp-content\/uploads\/sites\/41\/2026\/04\/mmmmm.jpg","contentUrl":"https:\/\/digilago.es\/autoimport\/wp-content\/uploads\/sites\/41\/2026\/04\/mmmmm.jpg","width":1108,"height":534},{"@type":"BreadcrumbList","@id":"https:\/\/digilago.es\/autoimport\/producto\/mercedes-benz-clase-e-2021\/#breadcrumb","itemListElement":[{"@type":"ListItem","position":1,"name":"Portada","item":"https:\/\/digilago.es\/autoimport\/"},{"@type":"ListItem","position":2,"name":"Tienda","item":"https:\/\/digilago.es\/autoimport\/tienda\/"},{"@type":"ListItem","position":3,"name":"Mercedes-Benz Clase E &#8216;2021"}]},{"@type":"WebSite","@id":"https:\/\/digilago.es\/autoimport\/#website","url":"https:\/\/digilago.es\/autoimport\/","name":"Autoimport","description":"","potentialAction":[{"@type":"SearchAction","target":{"@type":"EntryPoint","urlTemplate":"https:\/\/digilago.es\/autoimport\/?s={search_term_string}"},"query-input":{"@type":"PropertyValueSpecification","valueRequired":true,"valueName":"search_term_string"}}],"inLanguage":"es"}]}},"_links":{"self":[{"href":"https:\/\/digilago.es\/autoimport\/wp-json\/wp\/v2\/product\/183","targetHints":{"allow":["GET"]}}],"collection":[{"href":"https:\/\/digilago.es\/autoimport\/wp-json\/wp\/v2\/product"}],"about":[{"href":"https:\/\/digilago.es\/autoimport\/wp-json\/wp\/v2\/types\/product"}],"replies":[{"embeddable":true,"href":"https:\/\/digilago.es\/autoimport\/wp-json\/wp\/v2\/comments?post=183"}],"wp:featuredmedia":[{"embeddable":true,"href":"https:\/\/digilago.es\/autoimport\/wp-json\/wp\/v2\/media\/184"}],"wp:attachment":[{"href":"https:\/\/digilago.es\/autoimport\/wp-json\/wp\/v2\/media?parent=183"}],"wp:term":[{"taxonomy":"product_brand","embeddable":true,"href":"https:\/\/digilago.es\/autoimport\/wp-json\/wp\/v2\/product_brand?post=183"},{"taxonomy":"product_cat","embeddable":true,"href":"https:\/\/digilago.es\/autoimport\/wp-json\/wp\/v2\/product_cat?post=183"},{"taxonomy":"product_tag","embeddable":true,"href":"https:\/\/digilago.es\/autoimport\/wp-json\/wp\/v2\/product_tag?post=183"}],"curies":[{"name":"wp","href":"https:\/\/api.w.org\/{rel}","templated":true}]}}